{"id":1315,"date":"2015-06-21T21:53:32","date_gmt":"2015-06-22T00:53:32","guid":{"rendered":"http:\/\/minasgramados.com.br\/Loja\/?post_type=product&#038;p=1315"},"modified":"2025-08-01T09:52:47","modified_gmt":"2025-08-01T12:52:47","slug":"grama-bermuda-bh","status":"publish","type":"product","link":"https:\/\/minasgramados.com.br\/Loja\/produto\/grama-bermuda-bh\/","title":{"rendered":"Grama Bermuda (Carga 500M2)"},"content":{"rendered":"<p style=\"text-align: justify;\">A Grama\u00a0 Bermuda apresenta crescimento r\u00e1pido e boa capacidade de regenera\u00e7\u00e3o, por isso requer manuten\u00e7\u00e3o regular, com podas frequentes, o recomendado \u00e9 que a Grama Bermudas n\u00e3o ultrapasse 2 cm de altura; ela apresenta boa toler\u00e2ncia contra os insetos, multiplica-se por sementes, estol\u00f5es e rizomas, deve ser plantada em \u00e1reas com clima\u00a0 temperado a tropical, em pleno sol e em solos f\u00e9rteis, al\u00e9m de necessitar tamb\u00e9m de aduba\u00e7\u00f5es semestrais e regas regulares; \u00e9 uma esp\u00e9cie vegetal cujo ciclo de vida \u00e9 longo e suas folhas n\u00e3o caem.<\/p>\n<p><strong>PRINCIPAIS INDICA\u00c7\u00d5ES<\/strong><\/p>\n<p>* Campos de Futebol<\/p>\n<p>* Campos de Golf.<\/p>\n<p>* Campos com dimens\u00f5es oficiais FIFA.<\/p>\n<p>* Campos esportivos em geral (que recebem jogos frequentemente).<\/p>\n<p><strong>VANTAGENS<\/strong><\/p>\n<p>* \u00c9 uma das gramas mais resistentes ao pisoteio e ao desgaste excessivo.<\/p>\n<p>* R\u00e1pida recupera\u00e7\u00e3o, se regenerando em menos tempo.<\/p>\n<p>* Suporta altas temperaturas, inclusive climas nordestinos.<\/p>\n<p>* Quando bem cuidada, visualmente se torna imbat\u00edvel.<\/p>\n<p><strong>DESVANTAGENS<\/strong><\/p>\n<p>* Possui moderada vulnerabilidade \u00e0 plantas daninhas e doen\u00e7as.<\/p>\n<p>* N\u00e3o \u00e9 muito indicada em solos pobres e sem luminosidade (sombra).<\/p>\n<p>* Por crescer muito r\u00e1pido, necessita de fertiliza\u00e7\u00e3o e poda frequentemente.<\/p>\n<p><strong>COMO PLANTAR A GRAMA BERMUDAS<\/strong><\/p>\n<p>O plantio de Grama Bermudas requer boa prepara\u00e7\u00e3o do solo, bem como neutraliza\u00e7\u00e3o do ph do solo. Para tanto,<\/p>\n<p>pode ser feita aplica\u00e7\u00e3o de calc\u00e1rio dolom\u00edtico (cerca de 250 a 400 gramas por metro quadrado) durante pelo<\/p>\n<p>menos 30 dias antes do plantio.<\/p>\n<p>O solo deve estar limpo e adubado para receber a Grama Bermudas, que deve ser cultivada em \u00e1reas em pleno sol.<\/p>\n<p style=\"text-align: justify;\"><strong>ATEN\u00c7\u00c3O:<\/strong> A Nossa venda da grama Bermuda \u00e9 de no m\u00ednimo de\u00a0<strong> 500M\u00b2<\/strong>.<\/p>\n<p style=\"text-align: justify;\"><strong>OBS:<\/strong> O Pre\u00e7o acima o frete \u00e9 FOB e s\u00f3 \u00e9 valido para cargas de no m\u00ednimo de <strong>500M\u00b2<\/strong> para dentro de BH\u00a0 vendas s\u00f3 por telefones.<\/p>\n<p style=\"text-align: justify;\"><strong>ESTADOS ATENDIDOS:<\/strong> S\u00f3 atendemos os estados de MG e SP\u00a0 caso o cliente queira pode retirar conosco em nossa fazenda aqui pr\u00f3ximo de\u00a0<strong>BH<\/strong>\u00a0ou em\u00a0<strong>SP<\/strong>. .<\/p>\n","protected":false},"excerpt":{"rendered":"<p style=\"text-align: justify;\">A Grama Bermuda apresenta crescimento r\u00e1pido e boa capacidade de regenera\u00e7\u00e3o, por isso requer manuten\u00e7\u00e3o regular, com podas frequentes, o recomendado \u00e9 que ela n\u00e3o ultrapasse 2 cm de altura. <span style=\"color: #ff0000;\">Obs: Ela \u00e9 vendida somente por encomenda, e o PRE\u00c7O acima s\u00e3o para as cargas a partir de 500m2, Pre\u00e7os de varejo e atacado segue abaixo, Em caso de\u00a0 d\u00favidas consulte nosso SAC. Os pre\u00e7os podem sofrer altera\u00e7\u00f5es sem aviso pr\u00e9vio.<\/span><\/p>\n<p><strong>*GRAMA BERMUDA:<\/strong>\u00a0De 100 a 499m2=\u00a0<strong>R$22,50<\/strong> e a partir\u00a0 de 500M2 = <strong>R$21,90 \u2013 Frete FOB.<\/strong><\/p>\n","protected":false},"featured_media":1319,"template":"","meta":{"_joinchat":[]},"product_brand":[],"product_cat":[28,15],"product_tag":[],"class_list":{"0":"post-1315","1":"product","2":"type-product","3":"status-publish","4":"has-post-thumbnail","6":"product_cat-gramas-e-sementes","7":"product_cat-jardinagem","8":"product_shipping_class-transportadora","9":"entry","10":"has-media","12":"first","13":"outofstock","14":"sale","15":"shipping-taxable","16":"purchasable","17":"product-type-simple","18":"col","19":"wpex-woo-entry","20":"span_1_of_4"},"yoast_head":"<!-- This site is optimized with the Yoast SEO plugin v27.3 - https:\/\/yoast.com\/product\/yoast-seo-wordpress\/ -->\n<title>Grama Bermuda - Grama area esportiva -Grama campo futebol<\/title>\n<meta name=\"description\" content=\"A Grama Bermuda apresenta crescimento r\u00e1pido e boa capacidade de regenera\u00e7\u00e3o, por isso requer manuten\u00e7\u00e3o regular, com podas frequentes.\" \/>\n<meta name=\"robots\" content=\"index, follow, max-snippet:-1, max-image-preview:large, max-video-preview:-1\" \/>\n<link rel=\"canonical\" href=\"https:\/\/minasgramados.com.br\/Loja\/produto\/grama-bermuda-bh\/\" \/>\n<meta name=\"twitter:card\" content=\"summary_large_image\" \/>\n<meta name=\"twitter:title\" content=\"Grama Bermuda - Grama area esportiva -Grama campo futebol\" \/>\n<meta name=\"twitter:description\" content=\"A Grama Bermuda apresenta crescimento r\u00e1pido e boa capacidade de regenera\u00e7\u00e3o, por isso requer manuten\u00e7\u00e3o regular, com podas frequentes.\" \/>\n<meta name=\"twitter:image\" content=\"https:\/\/minasgramados.com.br\/Loja\/wp-content\/uploads\/2015\/06\/Grama_Esmeralda_imperial.jpg\" \/>\n<meta name=\"twitter:label1\" content=\"Est. tempo de leitura\" \/>\n\t<meta name=\"twitter:data1\" content=\"2 minutos\" \/>\n<script type=\"application\/ld+json\" class=\"yoast-schema-graph\">{\"@context\":\"https:\\\/\\\/schema.org\",\"@graph\":[{\"@type\":\"WebPage\",\"@id\":\"https:\\\/\\\/minasgramados.com.br\\\/Loja\\\/produto\\\/grama-bermuda-bh\\\/\",\"url\":\"https:\\\/\\\/minasgramados.com.br\\\/Loja\\\/produto\\\/grama-bermuda-bh\\\/\",\"name\":\"Grama Bermuda - Grama area esportiva -Grama campo futebol\",\"isPartOf\":{\"@id\":\"https:\\\/\\\/minasgramados.com.br\\\/Loja\\\/#website\"},\"primaryImageOfPage\":{\"@id\":\"https:\\\/\\\/minasgramados.com.br\\\/Loja\\\/produto\\\/grama-bermuda-bh\\\/#primaryimage\"},\"image\":{\"@id\":\"https:\\\/\\\/minasgramados.com.br\\\/Loja\\\/produto\\\/grama-bermuda-bh\\\/#primaryimage\"},\"thumbnailUrl\":\"https:\\\/\\\/minasgramados.com.br\\\/Loja\\\/wp-content\\\/uploads\\\/2015\\\/06\\\/Grama_Esmeralda_imperial.jpg\",\"datePublished\":\"2015-06-22T00:53:32+00:00\",\"dateModified\":\"2025-08-01T12:52:47+00:00\",\"description\":\"A Grama Bermuda apresenta crescimento r\u00e1pido e boa capacidade de regenera\u00e7\u00e3o, por isso requer manuten\u00e7\u00e3o regular, com podas frequentes.\",\"breadcrumb\":{\"@id\":\"https:\\\/\\\/minasgramados.com.br\\\/Loja\\\/produto\\\/grama-bermuda-bh\\\/#breadcrumb\"},\"inLanguage\":\"pt-BR\",\"potentialAction\":[{\"@type\":\"ReadAction\",\"target\":[\"https:\\\/\\\/minasgramados.com.br\\\/Loja\\\/produto\\\/grama-bermuda-bh\\\/\"]}]},{\"@type\":\"ImageObject\",\"inLanguage\":\"pt-BR\",\"@id\":\"https:\\\/\\\/minasgramados.com.br\\\/Loja\\\/produto\\\/grama-bermuda-bh\\\/#primaryimage\",\"url\":\"https:\\\/\\\/minasgramados.com.br\\\/Loja\\\/wp-content\\\/uploads\\\/2015\\\/06\\\/Grama_Esmeralda_imperial.jpg\",\"contentUrl\":\"https:\\\/\\\/minasgramados.com.br\\\/Loja\\\/wp-content\\\/uploads\\\/2015\\\/06\\\/Grama_Esmeralda_imperial.jpg\",\"width\":800,\"height\":533},{\"@type\":\"BreadcrumbList\",\"@id\":\"https:\\\/\\\/minasgramados.com.br\\\/Loja\\\/produto\\\/grama-bermuda-bh\\\/#breadcrumb\",\"itemListElement\":[{\"@type\":\"ListItem\",\"position\":1,\"name\":\"In\u00edcio\",\"item\":\"https:\\\/\\\/minasgramados.com.br\\\/Loja\\\/\"},{\"@type\":\"ListItem\",\"position\":2,\"name\":\"Loja\",\"item\":\"https:\\\/\\\/minasgramados.com.br\\\/Loja\\\/loja-modelo-03\\\/\"},{\"@type\":\"ListItem\",\"position\":3,\"name\":\"Grama Bermuda (Carga 500M2)\"}]},{\"@type\":\"WebSite\",\"@id\":\"https:\\\/\\\/minasgramados.com.br\\\/Loja\\\/#website\",\"url\":\"https:\\\/\\\/minasgramados.com.br\\\/Loja\\\/\",\"name\":\"Minas Gramados - Paisagismo e Hidrossemeadura.\",\"description\":\"Distribuidora de Gramas adubos sementes em Betim e no Brasil.\",\"publisher\":{\"@id\":\"https:\\\/\\\/minasgramados.com.br\\\/Loja\\\/#organization\"},\"potentialAction\":[{\"@type\":\"SearchAction\",\"target\":{\"@type\":\"EntryPoint\",\"urlTemplate\":\"https:\\\/\\\/minasgramados.com.br\\\/Loja\\\/?s={search_term_string}\"},\"query-input\":{\"@type\":\"PropertyValueSpecification\",\"valueRequired\":true,\"valueName\":\"search_term_string\"}}],\"inLanguage\":\"pt-BR\"},{\"@type\":\"Organization\",\"@id\":\"https:\\\/\\\/minasgramados.com.br\\\/Loja\\\/#organization\",\"name\":\"Minas Gramados - Paisagismo e Hidrossemeadura.\",\"url\":\"https:\\\/\\\/minasgramados.com.br\\\/Loja\\\/\",\"logo\":{\"@type\":\"ImageObject\",\"inLanguage\":\"pt-BR\",\"@id\":\"https:\\\/\\\/minasgramados.com.br\\\/Loja\\\/#\\\/schema\\\/logo\\\/image\\\/\",\"url\":\"https:\\\/\\\/minasgramados.com.br\\\/Loja\\\/wp-content\\\/uploads\\\/2018\\\/06\\\/gramados-original-1.gif\",\"contentUrl\":\"https:\\\/\\\/minasgramados.com.br\\\/Loja\\\/wp-content\\\/uploads\\\/2018\\\/06\\\/gramados-original-1.gif\",\"width\":600,\"height\":300,\"caption\":\"Minas Gramados - Paisagismo e Hidrossemeadura.\"},\"image\":{\"@id\":\"https:\\\/\\\/minasgramados.com.br\\\/Loja\\\/#\\\/schema\\\/logo\\\/image\\\/\"}}]}<\/script>\n<!-- \/ Yoast SEO plugin. -->","yoast_head_json":{"title":"Grama Bermuda - Grama area esportiva -Grama campo futebol","description":"A Grama Bermuda apresenta crescimento r\u00e1pido e boa capacidade de regenera\u00e7\u00e3o, por isso requer manuten\u00e7\u00e3o regular, com podas frequentes.","robots":{"index":"index","follow":"follow","max-snippet":"max-snippet:-1","max-image-preview":"max-image-preview:large","max-video-preview":"max-video-preview:-1"},"canonical":"https:\/\/minasgramados.com.br\/Loja\/produto\/grama-bermuda-bh\/","twitter_card":"summary_large_image","twitter_title":"Grama Bermuda - Grama area esportiva -Grama campo futebol","twitter_description":"A Grama Bermuda apresenta crescimento r\u00e1pido e boa capacidade de regenera\u00e7\u00e3o, por isso requer manuten\u00e7\u00e3o regular, com podas frequentes.","twitter_image":"https:\/\/minasgramados.com.br\/Loja\/wp-content\/uploads\/2015\/06\/Grama_Esmeralda_imperial.jpg","twitter_misc":{"Est. tempo de leitura":"2 minutos"},"schema":{"@context":"https:\/\/schema.org","@graph":[{"@type":"WebPage","@id":"https:\/\/minasgramados.com.br\/Loja\/produto\/grama-bermuda-bh\/","url":"https:\/\/minasgramados.com.br\/Loja\/produto\/grama-bermuda-bh\/","name":"Grama Bermuda - Grama area esportiva -Grama campo futebol","isPartOf":{"@id":"https:\/\/minasgramados.com.br\/Loja\/#website"},"primaryImageOfPage":{"@id":"https:\/\/minasgramados.com.br\/Loja\/produto\/grama-bermuda-bh\/#primaryimage"},"image":{"@id":"https:\/\/minasgramados.com.br\/Loja\/produto\/grama-bermuda-bh\/#primaryimage"},"thumbnailUrl":"https:\/\/minasgramados.com.br\/Loja\/wp-content\/uploads\/2015\/06\/Grama_Esmeralda_imperial.jpg","datePublished":"2015-06-22T00:53:32+00:00","dateModified":"2025-08-01T12:52:47+00:00","description":"A Grama Bermuda apresenta crescimento r\u00e1pido e boa capacidade de regenera\u00e7\u00e3o, por isso requer manuten\u00e7\u00e3o regular, com podas frequentes.","breadcrumb":{"@id":"https:\/\/minasgramados.com.br\/Loja\/produto\/grama-bermuda-bh\/#breadcrumb"},"inLanguage":"pt-BR","potentialAction":[{"@type":"ReadAction","target":["https:\/\/minasgramados.com.br\/Loja\/produto\/grama-bermuda-bh\/"]}]},{"@type":"ImageObject","inLanguage":"pt-BR","@id":"https:\/\/minasgramados.com.br\/Loja\/produto\/grama-bermuda-bh\/#primaryimage","url":"https:\/\/minasgramados.com.br\/Loja\/wp-content\/uploads\/2015\/06\/Grama_Esmeralda_imperial.jpg","contentUrl":"https:\/\/minasgramados.com.br\/Loja\/wp-content\/uploads\/2015\/06\/Grama_Esmeralda_imperial.jpg","width":800,"height":533},{"@type":"BreadcrumbList","@id":"https:\/\/minasgramados.com.br\/Loja\/produto\/grama-bermuda-bh\/#breadcrumb","itemListElement":[{"@type":"ListItem","position":1,"name":"In\u00edcio","item":"https:\/\/minasgramados.com.br\/Loja\/"},{"@type":"ListItem","position":2,"name":"Loja","item":"https:\/\/minasgramados.com.br\/Loja\/loja-modelo-03\/"},{"@type":"ListItem","position":3,"name":"Grama Bermuda (Carga 500M2)"}]},{"@type":"WebSite","@id":"https:\/\/minasgramados.com.br\/Loja\/#website","url":"https:\/\/minasgramados.com.br\/Loja\/","name":"Minas Gramados - Paisagismo e Hidrossemeadura.","description":"Distribuidora de Gramas adubos sementes em Betim e no Brasil.","publisher":{"@id":"https:\/\/minasgramados.com.br\/Loja\/#organization"},"potentialAction":[{"@type":"SearchAction","target":{"@type":"EntryPoint","urlTemplate":"https:\/\/minasgramados.com.br\/Loja\/?s={search_term_string}"},"query-input":{"@type":"PropertyValueSpecification","valueRequired":true,"valueName":"search_term_string"}}],"inLanguage":"pt-BR"},{"@type":"Organization","@id":"https:\/\/minasgramados.com.br\/Loja\/#organization","name":"Minas Gramados - Paisagismo e Hidrossemeadura.","url":"https:\/\/minasgramados.com.br\/Loja\/","logo":{"@type":"ImageObject","inLanguage":"pt-BR","@id":"https:\/\/minasgramados.com.br\/Loja\/#\/schema\/logo\/image\/","url":"https:\/\/minasgramados.com.br\/Loja\/wp-content\/uploads\/2018\/06\/gramados-original-1.gif","contentUrl":"https:\/\/minasgramados.com.br\/Loja\/wp-content\/uploads\/2018\/06\/gramados-original-1.gif","width":600,"height":300,"caption":"Minas Gramados - Paisagismo e Hidrossemeadura."},"image":{"@id":"https:\/\/minasgramados.com.br\/Loja\/#\/schema\/logo\/image\/"}}]}},"_links":{"self":[{"href":"https:\/\/minasgramados.com.br\/Loja\/wp-json\/wp\/v2\/product\/1315","targetHints":{"allow":["GET"]}}],"collection":[{"href":"https:\/\/minasgramados.com.br\/Loja\/wp-json\/wp\/v2\/product"}],"about":[{"href":"https:\/\/minasgramados.com.br\/Loja\/wp-json\/wp\/v2\/types\/product"}],"wp:featuredmedia":[{"embeddable":true,"href":"https:\/\/minasgramados.com.br\/Loja\/wp-json\/wp\/v2\/media\/1319"}],"wp:attachment":[{"href":"https:\/\/minasgramados.com.br\/Loja\/wp-json\/wp\/v2\/media?parent=1315"}],"wp:term":[{"taxonomy":"product_brand","embeddable":true,"href":"https:\/\/minasgramados.com.br\/Loja\/wp-json\/wp\/v2\/product_brand?post=1315"},{"taxonomy":"product_cat","embeddable":true,"href":"https:\/\/minasgramados.com.br\/Loja\/wp-json\/wp\/v2\/product_cat?post=1315"},{"taxonomy":"product_tag","embeddable":true,"href":"https:\/\/minasgramados.com.br\/Loja\/wp-json\/wp\/v2\/product_tag?post=1315"}],"curies":[{"name":"wp","href":"https:\/\/api.w.org\/{rel}","templated":true}]}}