{"id":1344,"date":"2015-06-22T01:23:30","date_gmt":"2015-06-22T04:23:30","guid":{"rendered":"http:\/\/minasgramados.com.br\/Loja\/?post_type=product&#038;p=1344"},"modified":"2025-01-05T11:34:53","modified_gmt":"2025-01-05T14:34:53","slug":"boral-green-500-sc-frasco-50ml","status":"publish","type":"product","link":"https:\/\/minasgramados.com.br\/Loja\/produto\/boral-green-500-sc-frasco-50ml\/","title":{"rendered":"Herbicida P\/ Tiriricas +32 Ervas (50 ML)"},"content":{"rendered":"<p style=\"text-align: justify;\">(BORAL HERBICIDA SELETIVO): Atua sobre um grande numero de ervas daninhas de folhas largas e estreitas e n\u00e3o mata o gramado,<\/p>\n<p style=\"text-align: justify;\">PODE APLICAR NAS GRAMAS: ESMERALDA, BATATAIS, S\u00c3O CARLOS, ZEON E BERMUDA desde que usado dentro da dosagem recomendada.<\/p>\n<p style=\"text-align: justify;\">Produto com as embalagens de 50 ML e de 01 Litro que elimina tiriricas e varias outras ervas dos gramados e hortali\u00e7as,\u00a0entregamos em BH e todo o Brasil<\/p>\n<p style=\"text-align: justify;\">S\u00e3o herbicidas com a\u00e7\u00e3o p\u00f3s-emergente seletivo, com alta performance em ervas de dif\u00edcil controle,impedindo inclusive a sele\u00e7\u00e3o de plantas daninhas resistentes, indicado para o controle de plantas infestantes anuais e perenes. O controle das plantas infestantes \u00e9 feito com uma \u00fanica aplica\u00e7\u00e3o.\u00a0S\u00e3o produtos concentrado que deve ser dilu\u00eddo em \u00e1gua.<\/p>\n<p style=\"text-align: justify;\">COMPOSI\u00c7\u00c3O E INFORMA\u00c7\u00c3O :<\/p>\n<p>Classe\u2026\u2026\u2026\u2026\u2026\u2026\u2026\u2026\u2026\u2026\u2026\u2026\u2026.: Herbicida<br \/>\nClassifica\u00e7\u00e3o Toxicol\u00f3gica\u2026\u2026\u2026..: I<br \/>\nNome Qu\u00edmico\u2026\u2026\u2026\u2026\u2026\u2026\u2026\u2026\u2026..: (SULFENTRAZONA)\u2026\u202650,0% m\/v (500,00 g\/L)<br \/>\nTipo de produto\u2026\u2026\u2026\u2026\u2026\u2026\u2026\u2026\u2026: Liquido<br \/>\nFormula\u00e7\u00e3o:\u2026\u2026\u2026\u2026\u2026\u2026\u2026\u2026\u2026\u2026..: Suspens\u00e3o Concentrada<br \/>\nCor\u2026\u2026\u2026\u2026\u2026\u2026\u2026\u2026\u2026\u2026\u2026\u2026\u2026.\u2026.: Branco leitoso<br \/>\nOdor\u2026\u2026\u2026\u2026\u2026\u2026\u2026\u2026\u2026\u2026\u2026\u2026\u2026\u2026.: Inodoro<br \/>\nSolubilidade\u2026\u2026\u2026\u2026\u2026\u2026\u2026\u2026\u2026\u2026\u2026Sol\u00favel em \u00e1gua<br \/>\nComposi\u00e7\u00e3o\u2026\u2026\u2026\u2026\u2026\u2026\u2026\u2026\u2026\u2026..: 2-(4-isopropyl-4-methyl-5-oxo-2-imidazolin-2-yl)nicotinic acid.<\/p>\n<p>Classe: Herbicida seletivo, sist\u00eamico, de a\u00e7\u00e3o pr\u00e9 e p\u00f3s emergente. N\u00e3o prejudica o gramado e demais plantas ornamentais.<\/p>\n<p style=\"text-align: justify;\">MODO\/EQUIPAMENTO DE APLICA\u00c7\u00c3O:Eles podem ser aplicados por via terrestre, atrav\u00e9s de pulverizadores costais ou tratorizados, com barras providas de bicos de m\u00e9dia\/alta vaz\u00e3o (1,5 L\/min), tais como Teejet leque 110.04, XR Teejet 110.04, Albuz leque 100.04, Fulljet.<\/p>\n<p style=\"text-align: justify;\">INTERVALO DE REENTRADA DE PESSOAS NAS \u00c1REAS TRATADAS: N\u00e3o deve ocorrer a reentrada de pessoas antes de 24 horas ap\u00f3s aplica\u00e7\u00e3o, a menos que se usem roupas protetoras.<\/p>\n<p style=\"text-align: justify;\">LIMITA\u00c7\u00c3O DE USO: Se ocorrer chuva at\u00e9 6 horas de aplicado a efici\u00eancia dos produtos podem ser prejudicada.<\/p>\n<p style=\"text-align: justify;\">RECOMENDA\u00c7\u00d5ES IMPORTANTES:Na pulveriza\u00e7\u00e3o foliar n\u00e3o misturar com defensivos e fertilizantes Aguardar ao menos 21 dias antes de ro\u00e7ar a terra aplicada Armazenar em local fresco (25\u00b0 C) e protegido do sol.<\/p>\n<p style=\"text-align: justify;\">VEJA ABAIXO ERVAS CONTROLADAS COM HERBICIDAS SELETIVOS CONFORME SUA CLASSIFICA\u00c7\u00c3O FOLIAR:<\/p>\n<p style=\"text-align: justify;\">FOLHAS ESTREITAS<\/p>\n<p style=\"text-align: justify;\">.Capim Coloni\u00e3o (Panium maximum)<br \/>\n.Capim Favorito (Rhynchelytrum repens)<br \/>\n.Capim Carrapixo, Timb\u00eate, Capim-amoroso (Cenchrus echinatus L.)<br \/>\n.Capim-p\u00e9-de-galinha (Eleusine indica)<br \/>\n.Trapoeraba (Commelia benghalensis L.)<br \/>\n.Capim-colch\u00e3o (Digitaria sanguinalis L. Scop.)<\/p>\n<p style=\"text-align: justify;\">OUTRAS ERVAS DE COMBATE COM HERBICIDAS SELETIVOS.<\/p>\n<p style=\"text-align: justify;\">.Capim-braqui\u00e1ria \u2013 Brachiaria decumbens<br \/>\n.Capim-marmelada \u2013 Brachiaria plantaginea<br \/>\n.Capim-arroz \u2013 (Echinochloa crusgalli)<br \/>\n.Capim-papua \u2013 Brachiaria plantaginea<br \/>\n.Amendoim-bravo \u2013 (Euphorbia heterophylla)<br \/>\n.Caruru \u2013 (Amaranthus viridis)<br \/>\n.Beldroega \u2013 (Portulaca oleracea)<br \/>\n.Carrapicho-de-carneiro \u2013 (Acanthospermum hispidum)<br \/>\n.Carrapicho-rasteiro \u2013 (Acanthospermum australe)<br \/>\n.Cheirosa \u2013 (Hyptis suaveolens)<br \/>\n.Desm\u00f3dio \u2013 (Desmodium tortuosum)<br \/>\n.Erva-palha \u2013 (Blainvillea latifolia)<br \/>\n.Falsa-serralha \u2013 (Emilia sonchifolia)<br \/>\n.Guanxuma \u2013 (Sida rhombifolia)<br \/>\n.Jo\u00e1-de-capote \u2013 (Nicandra physaloides)<br \/>\n.Mentrasto \u2013 (Ageratum conyzoides)<br \/>\n.Poaia-branca \u2013 (Richardia brasiliensis)<br \/>\n.Grama-seda \u2013 (Cynodon dactylon)<br \/>\n.Tiririca \u2013 (Cyperus rotundus)<br \/>\n.Losna-branca \u2013 (Parthenium hysterophorus)<\/p>\n<p style=\"text-align: justify;\">AS DOSAGENS VARIA CONFORME O HERBICIDA ADQUIRIDO ABAIXO SEGUE UM EXEMPLO<\/p>\n<p style=\"text-align: justify;\">FRASCOS DE 50 Ml para diluir em 20It de \u00e1gua, d\u00e1 para aplicar em 250m2<br \/>\nFRASCOS DE 01 Lt para diluir em 400It de \u00e1gua,d\u00e1 para aplicar em 5000m2<\/p>\n<p style=\"text-align: justify;\">O resultado \u00e9 o ressecamento total das ervas daninhas e a grama bonita como estava. Ele n\u00e3o mata a grama.<\/p>\n<p style=\"text-align: justify;\">ATEN\u00c7\u00c3O: Consulte no GOOGLE pelos nomes da ervas e veja se parece com as ervas daninhas que est\u00e3o no seu gramado.<\/p>\n<p style=\"text-align: justify;\">MODO DE USAR: Aplicar na grama somente nas \u00e1reas contaminadas estando ela mais baixa que as ervas, de preferencia que aplique na folha da tiririca e outras de forma que o produto escorra sobre o caule, onde o resultado ser\u00e1 vis\u00edvel , e a grama deve est\u00e1 \u00famida e saud\u00e1vel, molhar a grama 2 a 3 horas antes. Depois de + ou \u2013 20 dias ro\u00e7ar a grama, pois as ervas daninhas estar\u00e3o secas e sair\u00e3o com a ro\u00e7ada. Vendemos francos de 50 ml\u00a0 e cada um deles deve ser dilu\u00eddos em 20 litros de \u00e1gua. Esses 20 litros de \u00e1gua com o produto dilu\u00eddo pode ser aplicado em at\u00e9 250 m2 de \u00e1rea contaminada.<\/p>\n<p style=\"text-align: justify;\">CLASSE: HERBICIDA PR\u00c9-EMERGENTE, SELETIVO N\u00c3O MATA O GRAMADO.<\/p>\n<p style=\"text-align: justify;\">PRECAU\u00c7\u00d5ES GERAIS AO USAR PRODUTOS T\u00d3XICOS E POUCO T\u00d3XICOS:<\/p>\n<p style=\"text-align: justify;\">\u2022Produto para uso exclusivamente para jardinagem e paisagismo desde que use a dosagem indicada.<br \/>\n\u2022N\u00e3o transporte o produto juntamente com alimentos, medicamentos, ra\u00e7\u00f5es, animais e pessoas.<br \/>\n\u2022N\u00e3o coma, n\u00e3o beba e n\u00e3o fume durante o manuseio e aplica\u00e7\u00e3o do produto.<br \/>\n\u2022N\u00e3o utilize Equipamento de Prote\u00e7\u00e3o Individual (EPI) danificados.<br \/>\n\u2022N\u00e3o utilize equipamentos com vazamentos ou com defeitos.<br \/>\n\u2022N\u00e3o desentupa bicos, orif\u00edcios e v\u00e1lvulas com a boca.<br \/>\n\u2022N\u00e3o distribua o produto com as m\u00e3os desprotegidas.<br \/>\n\u2022Ao abrir a embalagem, fa\u00e7a de maneira a evitar respingos.<\/p>\n<p style=\"text-align: justify;\">PRIMEIROS SOCORROS: Procure logo um servi\u00e7o m\u00e9dico de emerg\u00eancia levando a embalagem, r\u00f3tulo, bula e receitu\u00e1rio agron\u00f4mico do produto.<\/p>\n<p style=\"text-align: justify;\">INGEST\u00c3O: N\u00e3o provoque v\u00f4mito. Beba 1 ou 2 copos de \u00e1gua. N\u00e3o dar nada via oral, nem induzir v\u00f4mito a uma pessoa inconsciente.<br \/>\nOLHOS: Lave com \u00e1gua em abund\u00e2ncia durante 15 minutos.<br \/>\nPELES: Lave com \u00e1gua e sab\u00e3o em abund\u00e2ncia.<br \/>\nINALA\u00c7\u00c3O: Procure local arejado.<\/p>\n<p style=\"text-align: justify;\"><strong>ATEN\u00c7\u00c3O:<\/strong> Produtos vendidos por nossa empresa somente para Jardinagem em geral, Herbicidas controlados por seguran\u00e7a e por se tratar de um produto toxico que necessita de receitu\u00e1rio agron\u00f4mico, pois se trata da fiscaliza\u00e7\u00e3o dos \u00f3rg\u00e3os competentes.<\/p>\n","protected":false},"excerpt":{"rendered":"<p style=\"text-align: justify;\"><strong>HERBICIDA\u00a0 BORAL PARA TIRIRICAS( SELETIVO):<\/strong> Atua sobre um grande numero de ervas daninhas de folhas largas, e folhas estreitas, e eles n\u00e3o matam a grama.<\/p>\n<p><strong>ATEN\u00c7\u00c3O:<\/strong> Os pre\u00e7os do Boral \u00e9 uma estimativa podendo ter reajuste; e sua venda \u00e9 somente por encomenda, fale conosco via telefone e\u00a0 ou WhatsApp, sendo o valor do produto mais o frete cobrado via correios, consulte -nos o frete.<\/p>\n<p><strong>ATEN\u00c7\u00c3O:<\/strong> Atendemos Embalagens de 50ml, de 01 litro e de 20 litros (20 litros no momento est\u00e1 custando R$ 5.999,00 ideal para grandes \u00e1reas) Solicite\u00a0 o seu.<\/p>\n<p><strong>AVISO:<\/strong> Nosso site n\u00e3o tem calculo de frete via correios no momento, pedido somente por telefone.<\/p>\n","protected":false},"featured_media":2871,"template":"","meta":{"_joinchat":[]},"product_brand":[],"product_cat":[14,22],"product_tag":[],"class_list":{"0":"post-1344","1":"product","2":"type-product","3":"status-publish","4":"has-post-thumbnail","6":"product_cat-produtos-agropecuarios","7":"product_cat-defencivos-agriculos","8":"entry","9":"has-media","11":"first","12":"outofstock","13":"sale","14":"shipping-taxable","15":"purchasable","16":"product-type-simple","17":"col","18":"wpex-woo-entry","19":"span_1_of_4"},"yoast_head":"<!-- This site is optimized with the Yoast SEO plugin v27.3 - https:\/\/yoast.com\/product\/yoast-seo-wordpress\/ -->\n<title>Herbicida para tiririca - Minas Gramados - Herbicida tiririca<\/title>\n<meta name=\"description\" content=\"Herbicida para tiririca atuam sobre a tiririca e outras ervas daninhas de folhas estreita e folhas largas e n\u00e3o mata a grama s\u00f3 o mato\" \/>\n<meta name=\"robots\" content=\"index, follow, max-snippet:-1, max-image-preview:large, max-video-preview:-1\" \/>\n<link rel=\"canonical\" href=\"https:\/\/minasgramados.com.br\/Loja\/produto\/boral-green-500-sc-frasco-50ml\/\" \/>\n<meta name=\"twitter:card\" content=\"summary_large_image\" \/>\n<meta name=\"twitter:title\" content=\"Herbicida para tiririca - Minas Gramados - Herbicida tiririca\" \/>\n<meta name=\"twitter:description\" content=\"Herbicida para tiririca atuam sobre a tiririca e outras ervas daninhas de folhas estreita e folhas largas e n\u00e3o mata a grama s\u00f3 o mato\" \/>\n<meta name=\"twitter:image\" content=\"https:\/\/minasgramados.com.br\/Loja\/wp-content\/uploads\/2015\/06\/Boral-50ML-Frasco-2020.jpeg\" \/>\n<meta name=\"twitter:label1\" content=\"Est. tempo de leitura\" \/>\n\t<meta name=\"twitter:data1\" content=\"5 minutos\" \/>\n<script type=\"application\/ld+json\" class=\"yoast-schema-graph\">{\"@context\":\"https:\\\/\\\/schema.org\",\"@graph\":[{\"@type\":\"WebPage\",\"@id\":\"https:\\\/\\\/minasgramados.com.br\\\/Loja\\\/produto\\\/boral-green-500-sc-frasco-50ml\\\/\",\"url\":\"https:\\\/\\\/minasgramados.com.br\\\/Loja\\\/produto\\\/boral-green-500-sc-frasco-50ml\\\/\",\"name\":\"Herbicida para tiririca - Minas Gramados - Herbicida tiririca\",\"isPartOf\":{\"@id\":\"https:\\\/\\\/minasgramados.com.br\\\/Loja\\\/#website\"},\"primaryImageOfPage\":{\"@id\":\"https:\\\/\\\/minasgramados.com.br\\\/Loja\\\/produto\\\/boral-green-500-sc-frasco-50ml\\\/#primaryimage\"},\"image\":{\"@id\":\"https:\\\/\\\/minasgramados.com.br\\\/Loja\\\/produto\\\/boral-green-500-sc-frasco-50ml\\\/#primaryimage\"},\"thumbnailUrl\":\"https:\\\/\\\/minasgramados.com.br\\\/Loja\\\/wp-content\\\/uploads\\\/2015\\\/06\\\/Boral-50ML-Frasco-2020.jpeg\",\"datePublished\":\"2015-06-22T04:23:30+00:00\",\"dateModified\":\"2025-01-05T14:34:53+00:00\",\"description\":\"Herbicida para tiririca atuam sobre a tiririca e outras ervas daninhas de folhas estreita e folhas largas e n\u00e3o mata a grama s\u00f3 o mato\",\"breadcrumb\":{\"@id\":\"https:\\\/\\\/minasgramados.com.br\\\/Loja\\\/produto\\\/boral-green-500-sc-frasco-50ml\\\/#breadcrumb\"},\"inLanguage\":\"pt-BR\",\"potentialAction\":[{\"@type\":\"ReadAction\",\"target\":[\"https:\\\/\\\/minasgramados.com.br\\\/Loja\\\/produto\\\/boral-green-500-sc-frasco-50ml\\\/\"]}]},{\"@type\":\"ImageObject\",\"inLanguage\":\"pt-BR\",\"@id\":\"https:\\\/\\\/minasgramados.com.br\\\/Loja\\\/produto\\\/boral-green-500-sc-frasco-50ml\\\/#primaryimage\",\"url\":\"https:\\\/\\\/minasgramados.com.br\\\/Loja\\\/wp-content\\\/uploads\\\/2015\\\/06\\\/Boral-50ML-Frasco-2020.jpeg\",\"contentUrl\":\"https:\\\/\\\/minasgramados.com.br\\\/Loja\\\/wp-content\\\/uploads\\\/2015\\\/06\\\/Boral-50ML-Frasco-2020.jpeg\",\"width\":810,\"height\":648},{\"@type\":\"BreadcrumbList\",\"@id\":\"https:\\\/\\\/minasgramados.com.br\\\/Loja\\\/produto\\\/boral-green-500-sc-frasco-50ml\\\/#breadcrumb\",\"itemListElement\":[{\"@type\":\"ListItem\",\"position\":1,\"name\":\"In\u00edcio\",\"item\":\"https:\\\/\\\/minasgramados.com.br\\\/Loja\\\/\"},{\"@type\":\"ListItem\",\"position\":2,\"name\":\"Loja\",\"item\":\"https:\\\/\\\/minasgramados.com.br\\\/Loja\\\/loja-modelo-03\\\/\"},{\"@type\":\"ListItem\",\"position\":3,\"name\":\"Herbicida P\\\/ Tiriricas +32 Ervas (50 ML)\"}]},{\"@type\":\"WebSite\",\"@id\":\"https:\\\/\\\/minasgramados.com.br\\\/Loja\\\/#website\",\"url\":\"https:\\\/\\\/minasgramados.com.br\\\/Loja\\\/\",\"name\":\"Minas Gramados - Paisagismo e Hidrossemeadura.\",\"description\":\"Distribuidora de Gramas adubos sementes em Betim e no Brasil.\",\"publisher\":{\"@id\":\"https:\\\/\\\/minasgramados.com.br\\\/Loja\\\/#organization\"},\"potentialAction\":[{\"@type\":\"SearchAction\",\"target\":{\"@type\":\"EntryPoint\",\"urlTemplate\":\"https:\\\/\\\/minasgramados.com.br\\\/Loja\\\/?s={search_term_string}\"},\"query-input\":{\"@type\":\"PropertyValueSpecification\",\"valueRequired\":true,\"valueName\":\"search_term_string\"}}],\"inLanguage\":\"pt-BR\"},{\"@type\":\"Organization\",\"@id\":\"https:\\\/\\\/minasgramados.com.br\\\/Loja\\\/#organization\",\"name\":\"Minas Gramados - Paisagismo e Hidrossemeadura.\",\"url\":\"https:\\\/\\\/minasgramados.com.br\\\/Loja\\\/\",\"logo\":{\"@type\":\"ImageObject\",\"inLanguage\":\"pt-BR\",\"@id\":\"https:\\\/\\\/minasgramados.com.br\\\/Loja\\\/#\\\/schema\\\/logo\\\/image\\\/\",\"url\":\"https:\\\/\\\/minasgramados.com.br\\\/Loja\\\/wp-content\\\/uploads\\\/2018\\\/06\\\/gramados-original-1.gif\",\"contentUrl\":\"https:\\\/\\\/minasgramados.com.br\\\/Loja\\\/wp-content\\\/uploads\\\/2018\\\/06\\\/gramados-original-1.gif\",\"width\":600,\"height\":300,\"caption\":\"Minas Gramados - Paisagismo e Hidrossemeadura.\"},\"image\":{\"@id\":\"https:\\\/\\\/minasgramados.com.br\\\/Loja\\\/#\\\/schema\\\/logo\\\/image\\\/\"}}]}<\/script>\n<!-- \/ Yoast SEO plugin. -->","yoast_head_json":{"title":"Herbicida para tiririca - Minas Gramados - Herbicida tiririca","description":"Herbicida para tiririca atuam sobre a tiririca e outras ervas daninhas de folhas estreita e folhas largas e n\u00e3o mata a grama s\u00f3 o mato","robots":{"index":"index","follow":"follow","max-snippet":"max-snippet:-1","max-image-preview":"max-image-preview:large","max-video-preview":"max-video-preview:-1"},"canonical":"https:\/\/minasgramados.com.br\/Loja\/produto\/boral-green-500-sc-frasco-50ml\/","twitter_card":"summary_large_image","twitter_title":"Herbicida para tiririca - Minas Gramados - Herbicida tiririca","twitter_description":"Herbicida para tiririca atuam sobre a tiririca e outras ervas daninhas de folhas estreita e folhas largas e n\u00e3o mata a grama s\u00f3 o mato","twitter_image":"https:\/\/minasgramados.com.br\/Loja\/wp-content\/uploads\/2015\/06\/Boral-50ML-Frasco-2020.jpeg","twitter_misc":{"Est. tempo de leitura":"5 minutos"},"schema":{"@context":"https:\/\/schema.org","@graph":[{"@type":"WebPage","@id":"https:\/\/minasgramados.com.br\/Loja\/produto\/boral-green-500-sc-frasco-50ml\/","url":"https:\/\/minasgramados.com.br\/Loja\/produto\/boral-green-500-sc-frasco-50ml\/","name":"Herbicida para tiririca - Minas Gramados - Herbicida tiririca","isPartOf":{"@id":"https:\/\/minasgramados.com.br\/Loja\/#website"},"primaryImageOfPage":{"@id":"https:\/\/minasgramados.com.br\/Loja\/produto\/boral-green-500-sc-frasco-50ml\/#primaryimage"},"image":{"@id":"https:\/\/minasgramados.com.br\/Loja\/produto\/boral-green-500-sc-frasco-50ml\/#primaryimage"},"thumbnailUrl":"https:\/\/minasgramados.com.br\/Loja\/wp-content\/uploads\/2015\/06\/Boral-50ML-Frasco-2020.jpeg","datePublished":"2015-06-22T04:23:30+00:00","dateModified":"2025-01-05T14:34:53+00:00","description":"Herbicida para tiririca atuam sobre a tiririca e outras ervas daninhas de folhas estreita e folhas largas e n\u00e3o mata a grama s\u00f3 o mato","breadcrumb":{"@id":"https:\/\/minasgramados.com.br\/Loja\/produto\/boral-green-500-sc-frasco-50ml\/#breadcrumb"},"inLanguage":"pt-BR","potentialAction":[{"@type":"ReadAction","target":["https:\/\/minasgramados.com.br\/Loja\/produto\/boral-green-500-sc-frasco-50ml\/"]}]},{"@type":"ImageObject","inLanguage":"pt-BR","@id":"https:\/\/minasgramados.com.br\/Loja\/produto\/boral-green-500-sc-frasco-50ml\/#primaryimage","url":"https:\/\/minasgramados.com.br\/Loja\/wp-content\/uploads\/2015\/06\/Boral-50ML-Frasco-2020.jpeg","contentUrl":"https:\/\/minasgramados.com.br\/Loja\/wp-content\/uploads\/2015\/06\/Boral-50ML-Frasco-2020.jpeg","width":810,"height":648},{"@type":"BreadcrumbList","@id":"https:\/\/minasgramados.com.br\/Loja\/produto\/boral-green-500-sc-frasco-50ml\/#breadcrumb","itemListElement":[{"@type":"ListItem","position":1,"name":"In\u00edcio","item":"https:\/\/minasgramados.com.br\/Loja\/"},{"@type":"ListItem","position":2,"name":"Loja","item":"https:\/\/minasgramados.com.br\/Loja\/loja-modelo-03\/"},{"@type":"ListItem","position":3,"name":"Herbicida P\/ Tiriricas +32 Ervas (50 ML)"}]},{"@type":"WebSite","@id":"https:\/\/minasgramados.com.br\/Loja\/#website","url":"https:\/\/minasgramados.com.br\/Loja\/","name":"Minas Gramados - Paisagismo e Hidrossemeadura.","description":"Distribuidora de Gramas adubos sementes em Betim e no Brasil.","publisher":{"@id":"https:\/\/minasgramados.com.br\/Loja\/#organization"},"potentialAction":[{"@type":"SearchAction","target":{"@type":"EntryPoint","urlTemplate":"https:\/\/minasgramados.com.br\/Loja\/?s={search_term_string}"},"query-input":{"@type":"PropertyValueSpecification","valueRequired":true,"valueName":"search_term_string"}}],"inLanguage":"pt-BR"},{"@type":"Organization","@id":"https:\/\/minasgramados.com.br\/Loja\/#organization","name":"Minas Gramados - Paisagismo e Hidrossemeadura.","url":"https:\/\/minasgramados.com.br\/Loja\/","logo":{"@type":"ImageObject","inLanguage":"pt-BR","@id":"https:\/\/minasgramados.com.br\/Loja\/#\/schema\/logo\/image\/","url":"https:\/\/minasgramados.com.br\/Loja\/wp-content\/uploads\/2018\/06\/gramados-original-1.gif","contentUrl":"https:\/\/minasgramados.com.br\/Loja\/wp-content\/uploads\/2018\/06\/gramados-original-1.gif","width":600,"height":300,"caption":"Minas Gramados - Paisagismo e Hidrossemeadura."},"image":{"@id":"https:\/\/minasgramados.com.br\/Loja\/#\/schema\/logo\/image\/"}}]}},"_links":{"self":[{"href":"https:\/\/minasgramados.com.br\/Loja\/wp-json\/wp\/v2\/product\/1344","targetHints":{"allow":["GET"]}}],"collection":[{"href":"https:\/\/minasgramados.com.br\/Loja\/wp-json\/wp\/v2\/product"}],"about":[{"href":"https:\/\/minasgramados.com.br\/Loja\/wp-json\/wp\/v2\/types\/product"}],"wp:featuredmedia":[{"embeddable":true,"href":"https:\/\/minasgramados.com.br\/Loja\/wp-json\/wp\/v2\/media\/2871"}],"wp:attachment":[{"href":"https:\/\/minasgramados.com.br\/Loja\/wp-json\/wp\/v2\/media?parent=1344"}],"wp:term":[{"taxonomy":"product_brand","embeddable":true,"href":"https:\/\/minasgramados.com.br\/Loja\/wp-json\/wp\/v2\/product_brand?post=1344"},{"taxonomy":"product_cat","embeddable":true,"href":"https:\/\/minasgramados.com.br\/Loja\/wp-json\/wp\/v2\/product_cat?post=1344"},{"taxonomy":"product_tag","embeddable":true,"href":"https:\/\/minasgramados.com.br\/Loja\/wp-json\/wp\/v2\/product_tag?post=1344"}],"curies":[{"name":"wp","href":"https:\/\/api.w.org\/{rel}","templated":true}]}}