{"id":1559,"date":"2015-10-15T12:09:44","date_gmt":"2015-10-15T15:09:44","guid":{"rendered":"http:\/\/minasgramados.com.br\/Loja\/?post_type=product&#038;p=1559"},"modified":"2016-10-02T14:53:23","modified_gmt":"2016-10-02T17:53:23","slug":"alpinea-vermelha-purpurata","status":"publish","type":"product","link":"https:\/\/minasgramados.com.br\/Loja\/produto\/alpinea-vermelha-purpurata\/","title":{"rendered":"Alpinea Purpurata"},"content":{"rendered":"<p>ALPINEA PURPURADA &#8211; MUDA TOUCEIRA<\/p>\n<p>Alpinea Purpurata: Porte\/Tamanho: 0,60m a 0,80m &#8211; Touceira<br \/>\nEmbalagem: Saco 29 x 29cm<\/p>\n<p>Ambiente: Baixa e m\u00e9dia luminosidade, sombra<br \/>\nOrigem: Ilhas dos Mares do Sul<br \/>\n\u00c9poca da Flora\u00e7\u00e3o: Todo o ano<br \/>\nCor da Flor: Vermelha<br \/>\nPorte M\u00e1ximo: 1,50-2m<\/p>\n<p>Especifica\u00e7\u00f5es de plantio e manuten\u00e7\u00e3o:<\/p>\n<p>Plantas por metro linear: 2 ou 3 plantas<br \/>\nPlantas por m\u00b2: 4 at\u00e9 9 plantas<br \/>\nTamanho da Cova: 35cm prof. x 35cm largura<br \/>\nIrriga\u00e7\u00e3o: Todos os dias at\u00e9 o primeiro m\u00eas. Dias alternados ap\u00f3s 30 dias.<br \/>\nAduba\u00e7\u00e3o no Plantio: 100g de NPK 04-14-08<br \/>\nAduba\u00e7\u00e3o Peri\u00f3dica: 50g de NPK 20-0-20 a cada 3 meses<br \/>\nPoda: Apenas para desbastar, retirar haste indesejada rente ao solo<\/p>\n","protected":false},"excerpt":{"rendered":"<p style=\"text-align: justify;\">ALPINEA PURPURATA &#8211; Porte\/Tamanho: 0,60m a 0,80m &#8211; Touceira &#8211; Embalagem: Saco 29 x 29cm &#8211; \u00a0<span style=\"color: #ff0000;\">(Obs): \u00a0Temos essas mudas em estoque por\u00e9m sua venda \u00e9 somente por telefone \u00a0e via ordem de compra)<\/span><\/p>\n","protected":false},"featured_media":1560,"template":"","meta":{"_joinchat":[]},"product_brand":[],"product_cat":[16,34],"product_tag":[],"class_list":{"0":"post-1559","1":"product","2":"type-product","3":"status-publish","4":"has-post-thumbnail","6":"product_cat-floricultura","7":"product_cat-plantas-ornamentais","8":"entry","9":"has-media","11":"first","12":"outofstock","13":"sale","14":"shipping-taxable","15":"purchasable","16":"product-type-simple","17":"col","18":"wpex-woo-entry","19":"span_1_of_4"},"yoast_head":"<!-- This site is optimized with the Yoast SEO plugin v27.3 - https:\/\/yoast.com\/product\/yoast-seo-wordpress\/ -->\n<title>Alpinea Purpurata - Minas Gramados - Alpinea Purpurata BH<\/title>\n<meta name=\"description\" content=\"Alpinea Purpurata: Porte\/Tamanho: 0,60m a 0,80m - Touceira - Embalagem: Saco 29 x 29cm (Temos dispon\u00edvel,vendas por encomenda consulte nos).\" \/>\n<meta name=\"robots\" content=\"index, follow, max-snippet:-1, max-image-preview:large, max-video-preview:-1\" \/>\n<link rel=\"canonical\" href=\"https:\/\/minasgramados.com.br\/Loja\/produto\/alpinea-vermelha-purpurata\/\" \/>\n<meta name=\"twitter:card\" content=\"summary_large_image\" \/>\n<meta name=\"twitter:title\" content=\"Alpinea Purpurata - Minas Gramados - Alpinea Purpurata BH\" \/>\n<meta name=\"twitter:description\" content=\"Alpinea Purpurata: Porte\/Tamanho: 0,60m a 0,80m - Touceira - Embalagem: Saco 29 x 29cm (Temos dispon\u00edvel,vendas por encomenda consulte nos).\" \/>\n<meta name=\"twitter:image\" content=\"https:\/\/minasgramados.com.br\/Loja\/wp-content\/uploads\/2015\/10\/Alpinea-vermelha.jpg\" \/>\n<meta name=\"twitter:label1\" content=\"Est. tempo de leitura\" \/>\n\t<meta name=\"twitter:data1\" content=\"1 minuto\" \/>\n<script type=\"application\/ld+json\" class=\"yoast-schema-graph\">{\"@context\":\"https:\\\/\\\/schema.org\",\"@graph\":[{\"@type\":\"WebPage\",\"@id\":\"https:\\\/\\\/minasgramados.com.br\\\/Loja\\\/produto\\\/alpinea-vermelha-purpurata\\\/\",\"url\":\"https:\\\/\\\/minasgramados.com.br\\\/Loja\\\/produto\\\/alpinea-vermelha-purpurata\\\/\",\"name\":\"Alpinea Purpurata - Minas Gramados - Alpinea Purpurata BH\",\"isPartOf\":{\"@id\":\"https:\\\/\\\/minasgramados.com.br\\\/Loja\\\/#website\"},\"primaryImageOfPage\":{\"@id\":\"https:\\\/\\\/minasgramados.com.br\\\/Loja\\\/produto\\\/alpinea-vermelha-purpurata\\\/#primaryimage\"},\"image\":{\"@id\":\"https:\\\/\\\/minasgramados.com.br\\\/Loja\\\/produto\\\/alpinea-vermelha-purpurata\\\/#primaryimage\"},\"thumbnailUrl\":\"https:\\\/\\\/minasgramados.com.br\\\/Loja\\\/wp-content\\\/uploads\\\/2015\\\/10\\\/Alpinea-vermelha.jpg\",\"datePublished\":\"2015-10-15T15:09:44+00:00\",\"dateModified\":\"2016-10-02T17:53:23+00:00\",\"description\":\"Alpinea Purpurata: Porte\\\/Tamanho: 0,60m a 0,80m - Touceira - Embalagem: Saco 29 x 29cm (Temos dispon\u00edvel,vendas por encomenda consulte nos).\",\"breadcrumb\":{\"@id\":\"https:\\\/\\\/minasgramados.com.br\\\/Loja\\\/produto\\\/alpinea-vermelha-purpurata\\\/#breadcrumb\"},\"inLanguage\":\"pt-BR\",\"potentialAction\":[{\"@type\":\"ReadAction\",\"target\":[\"https:\\\/\\\/minasgramados.com.br\\\/Loja\\\/produto\\\/alpinea-vermelha-purpurata\\\/\"]}]},{\"@type\":\"ImageObject\",\"inLanguage\":\"pt-BR\",\"@id\":\"https:\\\/\\\/minasgramados.com.br\\\/Loja\\\/produto\\\/alpinea-vermelha-purpurata\\\/#primaryimage\",\"url\":\"https:\\\/\\\/minasgramados.com.br\\\/Loja\\\/wp-content\\\/uploads\\\/2015\\\/10\\\/Alpinea-vermelha.jpg\",\"contentUrl\":\"https:\\\/\\\/minasgramados.com.br\\\/Loja\\\/wp-content\\\/uploads\\\/2015\\\/10\\\/Alpinea-vermelha.jpg\",\"width\":640,\"height\":403},{\"@type\":\"BreadcrumbList\",\"@id\":\"https:\\\/\\\/minasgramados.com.br\\\/Loja\\\/produto\\\/alpinea-vermelha-purpurata\\\/#breadcrumb\",\"itemListElement\":[{\"@type\":\"ListItem\",\"position\":1,\"name\":\"In\u00edcio\",\"item\":\"https:\\\/\\\/minasgramados.com.br\\\/Loja\\\/\"},{\"@type\":\"ListItem\",\"position\":2,\"name\":\"Loja\",\"item\":\"https:\\\/\\\/minasgramados.com.br\\\/Loja\\\/loja-modelo-03\\\/\"},{\"@type\":\"ListItem\",\"position\":3,\"name\":\"Alpinea Purpurata\"}]},{\"@type\":\"WebSite\",\"@id\":\"https:\\\/\\\/minasgramados.com.br\\\/Loja\\\/#website\",\"url\":\"https:\\\/\\\/minasgramados.com.br\\\/Loja\\\/\",\"name\":\"Minas Gramados - Paisagismo e Hidrossemeadura.\",\"description\":\"Distribuidora de Gramas adubos sementes em Betim e no Brasil.\",\"publisher\":{\"@id\":\"https:\\\/\\\/minasgramados.com.br\\\/Loja\\\/#organization\"},\"potentialAction\":[{\"@type\":\"SearchAction\",\"target\":{\"@type\":\"EntryPoint\",\"urlTemplate\":\"https:\\\/\\\/minasgramados.com.br\\\/Loja\\\/?s={search_term_string}\"},\"query-input\":{\"@type\":\"PropertyValueSpecification\",\"valueRequired\":true,\"valueName\":\"search_term_string\"}}],\"inLanguage\":\"pt-BR\"},{\"@type\":\"Organization\",\"@id\":\"https:\\\/\\\/minasgramados.com.br\\\/Loja\\\/#organization\",\"name\":\"Minas Gramados - Paisagismo e Hidrossemeadura.\",\"url\":\"https:\\\/\\\/minasgramados.com.br\\\/Loja\\\/\",\"logo\":{\"@type\":\"ImageObject\",\"inLanguage\":\"pt-BR\",\"@id\":\"https:\\\/\\\/minasgramados.com.br\\\/Loja\\\/#\\\/schema\\\/logo\\\/image\\\/\",\"url\":\"https:\\\/\\\/minasgramados.com.br\\\/Loja\\\/wp-content\\\/uploads\\\/2018\\\/06\\\/gramados-original-1.gif\",\"contentUrl\":\"https:\\\/\\\/minasgramados.com.br\\\/Loja\\\/wp-content\\\/uploads\\\/2018\\\/06\\\/gramados-original-1.gif\",\"width\":600,\"height\":300,\"caption\":\"Minas Gramados - Paisagismo e Hidrossemeadura.\"},\"image\":{\"@id\":\"https:\\\/\\\/minasgramados.com.br\\\/Loja\\\/#\\\/schema\\\/logo\\\/image\\\/\"}}]}<\/script>\n<!-- \/ Yoast SEO plugin. -->","yoast_head_json":{"title":"Alpinea Purpurata - Minas Gramados - Alpinea Purpurata BH","description":"Alpinea Purpurata: Porte\/Tamanho: 0,60m a 0,80m - Touceira - Embalagem: Saco 29 x 29cm (Temos dispon\u00edvel,vendas por encomenda consulte nos).","robots":{"index":"index","follow":"follow","max-snippet":"max-snippet:-1","max-image-preview":"max-image-preview:large","max-video-preview":"max-video-preview:-1"},"canonical":"https:\/\/minasgramados.com.br\/Loja\/produto\/alpinea-vermelha-purpurata\/","twitter_card":"summary_large_image","twitter_title":"Alpinea Purpurata - Minas Gramados - Alpinea Purpurata BH","twitter_description":"Alpinea Purpurata: Porte\/Tamanho: 0,60m a 0,80m - Touceira - Embalagem: Saco 29 x 29cm (Temos dispon\u00edvel,vendas por encomenda consulte nos).","twitter_image":"https:\/\/minasgramados.com.br\/Loja\/wp-content\/uploads\/2015\/10\/Alpinea-vermelha.jpg","twitter_misc":{"Est. tempo de leitura":"1 minuto"},"schema":{"@context":"https:\/\/schema.org","@graph":[{"@type":"WebPage","@id":"https:\/\/minasgramados.com.br\/Loja\/produto\/alpinea-vermelha-purpurata\/","url":"https:\/\/minasgramados.com.br\/Loja\/produto\/alpinea-vermelha-purpurata\/","name":"Alpinea Purpurata - Minas Gramados - Alpinea Purpurata BH","isPartOf":{"@id":"https:\/\/minasgramados.com.br\/Loja\/#website"},"primaryImageOfPage":{"@id":"https:\/\/minasgramados.com.br\/Loja\/produto\/alpinea-vermelha-purpurata\/#primaryimage"},"image":{"@id":"https:\/\/minasgramados.com.br\/Loja\/produto\/alpinea-vermelha-purpurata\/#primaryimage"},"thumbnailUrl":"https:\/\/minasgramados.com.br\/Loja\/wp-content\/uploads\/2015\/10\/Alpinea-vermelha.jpg","datePublished":"2015-10-15T15:09:44+00:00","dateModified":"2016-10-02T17:53:23+00:00","description":"Alpinea Purpurata: Porte\/Tamanho: 0,60m a 0,80m - Touceira - Embalagem: Saco 29 x 29cm (Temos dispon\u00edvel,vendas por encomenda consulte nos).","breadcrumb":{"@id":"https:\/\/minasgramados.com.br\/Loja\/produto\/alpinea-vermelha-purpurata\/#breadcrumb"},"inLanguage":"pt-BR","potentialAction":[{"@type":"ReadAction","target":["https:\/\/minasgramados.com.br\/Loja\/produto\/alpinea-vermelha-purpurata\/"]}]},{"@type":"ImageObject","inLanguage":"pt-BR","@id":"https:\/\/minasgramados.com.br\/Loja\/produto\/alpinea-vermelha-purpurata\/#primaryimage","url":"https:\/\/minasgramados.com.br\/Loja\/wp-content\/uploads\/2015\/10\/Alpinea-vermelha.jpg","contentUrl":"https:\/\/minasgramados.com.br\/Loja\/wp-content\/uploads\/2015\/10\/Alpinea-vermelha.jpg","width":640,"height":403},{"@type":"BreadcrumbList","@id":"https:\/\/minasgramados.com.br\/Loja\/produto\/alpinea-vermelha-purpurata\/#breadcrumb","itemListElement":[{"@type":"ListItem","position":1,"name":"In\u00edcio","item":"https:\/\/minasgramados.com.br\/Loja\/"},{"@type":"ListItem","position":2,"name":"Loja","item":"https:\/\/minasgramados.com.br\/Loja\/loja-modelo-03\/"},{"@type":"ListItem","position":3,"name":"Alpinea Purpurata"}]},{"@type":"WebSite","@id":"https:\/\/minasgramados.com.br\/Loja\/#website","url":"https:\/\/minasgramados.com.br\/Loja\/","name":"Minas Gramados - Paisagismo e Hidrossemeadura.","description":"Distribuidora de Gramas adubos sementes em Betim e no Brasil.","publisher":{"@id":"https:\/\/minasgramados.com.br\/Loja\/#organization"},"potentialAction":[{"@type":"SearchAction","target":{"@type":"EntryPoint","urlTemplate":"https:\/\/minasgramados.com.br\/Loja\/?s={search_term_string}"},"query-input":{"@type":"PropertyValueSpecification","valueRequired":true,"valueName":"search_term_string"}}],"inLanguage":"pt-BR"},{"@type":"Organization","@id":"https:\/\/minasgramados.com.br\/Loja\/#organization","name":"Minas Gramados - Paisagismo e Hidrossemeadura.","url":"https:\/\/minasgramados.com.br\/Loja\/","logo":{"@type":"ImageObject","inLanguage":"pt-BR","@id":"https:\/\/minasgramados.com.br\/Loja\/#\/schema\/logo\/image\/","url":"https:\/\/minasgramados.com.br\/Loja\/wp-content\/uploads\/2018\/06\/gramados-original-1.gif","contentUrl":"https:\/\/minasgramados.com.br\/Loja\/wp-content\/uploads\/2018\/06\/gramados-original-1.gif","width":600,"height":300,"caption":"Minas Gramados - Paisagismo e Hidrossemeadura."},"image":{"@id":"https:\/\/minasgramados.com.br\/Loja\/#\/schema\/logo\/image\/"}}]}},"_links":{"self":[{"href":"https:\/\/minasgramados.com.br\/Loja\/wp-json\/wp\/v2\/product\/1559","targetHints":{"allow":["GET"]}}],"collection":[{"href":"https:\/\/minasgramados.com.br\/Loja\/wp-json\/wp\/v2\/product"}],"about":[{"href":"https:\/\/minasgramados.com.br\/Loja\/wp-json\/wp\/v2\/types\/product"}],"wp:featuredmedia":[{"embeddable":true,"href":"https:\/\/minasgramados.com.br\/Loja\/wp-json\/wp\/v2\/media\/1560"}],"wp:attachment":[{"href":"https:\/\/minasgramados.com.br\/Loja\/wp-json\/wp\/v2\/media?parent=1559"}],"wp:term":[{"taxonomy":"product_brand","embeddable":true,"href":"https:\/\/minasgramados.com.br\/Loja\/wp-json\/wp\/v2\/product_brand?post=1559"},{"taxonomy":"product_cat","embeddable":true,"href":"https:\/\/minasgramados.com.br\/Loja\/wp-json\/wp\/v2\/product_cat?post=1559"},{"taxonomy":"product_tag","embeddable":true,"href":"https:\/\/minasgramados.com.br\/Loja\/wp-json\/wp\/v2\/product_tag?post=1559"}],"curies":[{"name":"wp","href":"https:\/\/api.w.org\/{rel}","templated":true}]}}