{"id":1617,"date":"2015-11-10T13:27:19","date_gmt":"2015-11-10T16:27:19","guid":{"rendered":"http:\/\/minasgramados.com.br\/Loja\/?post_type=product&#038;p=1617"},"modified":"2025-07-13T18:22:51","modified_gmt":"2025-07-13T21:22:51","slug":"pedra-portuguesa-decorativa","status":"publish","type":"product","link":"https:\/\/minasgramados.com.br\/Loja\/produto\/pedra-portuguesa-decorativa\/","title":{"rendered":"Pedra Portuguesa (Pre\u00e7o M2)"},"content":{"rendered":"<p style=\"text-align: justify;\">A Minas Gramados \u00e9 uma empresa qualificada para o fornecimento de pedra Portuguesa BH Ou (Cal\u00e7ada Portuguesa) para \u00e1rea externa como cal\u00e7adas, rampas, \u00e1rea de piscina, fachadas e decora\u00e7\u00e3o interna com variedade de revestimentos em pedra trazendo charme e sofistica\u00e7\u00e3o ao seu ambiente.<\/p>\n<p style=\"text-align: justify;\">Fornecemos material de qualidade e variedade de cores al\u00e9m de compromisso e rapidez na entrega, j\u00e1 que contamos com duas jazidas em opera\u00e7\u00e3o. Al\u00e9m de uma gama diversificada de outros produtos como: paralelep\u00edpedos, lag\u00f5es, pedra para cal\u00e7amento poli\u00e9drico, pedra para alicerce de constru\u00e7\u00e3o civil dentre outros produtos.<\/p>\n<p style=\"text-align: justify;\">Nossos profissionais altamente capacitados, atuam na aplica\u00e7\u00e3o dos nossos produtos dando assist\u00eancia ao cliente desde a aplica\u00e7\u00e3o das pedras at\u00e9 o acabamento final.<\/p>\n<p style=\"text-align: justify;\">Fornecemos mat\u00e9ria prima para \u00e1reas Comerciais e Residenciais, onde oferecemos aos nossos clientes um trabalho de alta qualidade e resist\u00eancia, com a beleza e requinte na arte da aplica\u00e7\u00e3o do mesmo.<\/p>\n<p><strong>*Veja abaixo PRE\u00c7OS conforme a cor a ser comprada.<\/strong><\/p>\n<p>. Pedra Portuguesa Branco Gelo o M2&#8230;.R$: 75,00 M2 C\/NF<\/p>\n<p>. Pedra Portuguesa Preta o M2&#8230;&#8230;&#8230;&#8230;.R$: 79,00 M2 C\/NF<\/p>\n<p>. Pedra Portuguesa Cinza o M2&#8230;&#8230;&#8230;&#8230;.R$: 75,00 M2 C\/NF<\/p>\n<p>. Pedra Portuguesa Vermelha o M2&#8230;&#8230;.R$: 75,00 M2 C\/NF<\/p>\n<p><strong>*Obs:<\/strong> Frete pode ser FOB ou CIF, vai depender da quantidade da compra por M2 e o local de entrega, e os pre\u00e7os aqui com <strong>reajuste sem aviso pr\u00e9vio<\/strong>.<\/p>\n<p style=\"text-align: justify;\"><strong>RENDIMENTO:<\/strong> 01 Tonelada de Pedra portuguesa decorativa rende 13M2.<\/p>\n<p style=\"text-align: justify;\"><strong>PEDIDOS:<\/strong> Estamos a disposi\u00e7\u00e3o de todos atrav\u00e9s de nossos contatos para realizarmos grandes neg\u00f3cios, CONSULTE-NOS.<\/p>\n","protected":false},"excerpt":{"rendered":"<p style=\"text-align: left;\">Pedra portuguesa: Ela se espalhou rapidamente pelo mundo inteiro, e sua aplica\u00e7\u00e3o permite formar padr\u00f5es decorativos pelo contraste entre as pedras de distintas cores ( Temos, preta,\u00a0 vermelha, cinza, e branco gelo).\u00a0 ATEN\u00c7\u00c3O:<span style=\"color: #ff0000;\"> Os pre\u00e7os aqui com\u00a0 reajuste sem aviso pr\u00e9vio, e\u00a0 pedidos s\u00f3 por encomenda mediante ordem de compra, sendo o m\u00ednimo de\u00a0 100m2.<\/span><\/p>\n","protected":false},"featured_media":1619,"template":"","meta":{"_joinchat":[]},"product_brand":[],"product_cat":[18,45],"product_tag":[],"class_list":{"0":"post-1617","1":"product","2":"type-product","3":"status-publish","4":"has-post-thumbnail","6":"product_cat-construcao-e-cia","7":"product_cat-pavimentacoes-pisos","8":"entry","9":"has-media","11":"first","12":"outofstock","13":"sale","14":"shipping-taxable","15":"purchasable","16":"product-type-simple","17":"col","18":"wpex-woo-entry","19":"span_1_of_4"},"yoast_head":"<!-- This site is optimized with the Yoast SEO plugin v27.3 - https:\/\/yoast.com\/product\/yoast-seo-wordpress\/ -->\n<title>Pedra Portuguesa-Minas Gramados- Cal\u00e7ada Portuguesa BH<\/title>\n<meta name=\"description\" content=\"Pedra portuguesa se espalhou pelo mundo , ela permite formar padr\u00f5es decorativos para \u00e1reas como cal\u00e7adas, rampas, \u00e1rea de piscina e etc.\" \/>\n<meta name=\"robots\" content=\"index, follow, max-snippet:-1, max-image-preview:large, max-video-preview:-1\" \/>\n<link rel=\"canonical\" href=\"https:\/\/minasgramados.com.br\/Loja\/produto\/pedra-portuguesa-decorativa\/\" \/>\n<meta name=\"twitter:card\" content=\"summary_large_image\" \/>\n<meta name=\"twitter:title\" content=\"Pedra Portuguesa-Minas Gramados- Cal\u00e7ada Portuguesa BH\" \/>\n<meta name=\"twitter:description\" content=\"Pedra portuguesa se espalhou pelo mundo , ela permite formar padr\u00f5es decorativos para \u00e1reas como cal\u00e7adas, rampas, \u00e1rea de piscina e etc.\" \/>\n<meta name=\"twitter:image\" content=\"https:\/\/minasgramados.com.br\/Loja\/wp-content\/uploads\/2015\/11\/Pedra-portuguesa-Salmao..jpg\" \/>\n<meta name=\"twitter:label1\" content=\"Est. tempo de leitura\" \/>\n\t<meta name=\"twitter:data1\" content=\"2 minutos\" \/>\n<script type=\"application\/ld+json\" class=\"yoast-schema-graph\">{\"@context\":\"https:\\\/\\\/schema.org\",\"@graph\":[{\"@type\":\"WebPage\",\"@id\":\"https:\\\/\\\/minasgramados.com.br\\\/Loja\\\/produto\\\/pedra-portuguesa-decorativa\\\/\",\"url\":\"https:\\\/\\\/minasgramados.com.br\\\/Loja\\\/produto\\\/pedra-portuguesa-decorativa\\\/\",\"name\":\"Pedra Portuguesa-Minas Gramados- Cal\u00e7ada Portuguesa BH\",\"isPartOf\":{\"@id\":\"https:\\\/\\\/minasgramados.com.br\\\/Loja\\\/#website\"},\"primaryImageOfPage\":{\"@id\":\"https:\\\/\\\/minasgramados.com.br\\\/Loja\\\/produto\\\/pedra-portuguesa-decorativa\\\/#primaryimage\"},\"image\":{\"@id\":\"https:\\\/\\\/minasgramados.com.br\\\/Loja\\\/produto\\\/pedra-portuguesa-decorativa\\\/#primaryimage\"},\"thumbnailUrl\":\"https:\\\/\\\/minasgramados.com.br\\\/Loja\\\/wp-content\\\/uploads\\\/2015\\\/11\\\/Pedra-portuguesa-Salmao..jpg\",\"datePublished\":\"2015-11-10T16:27:19+00:00\",\"dateModified\":\"2025-07-13T21:22:51+00:00\",\"description\":\"Pedra portuguesa se espalhou pelo mundo , ela permite formar padr\u00f5es decorativos para \u00e1reas como cal\u00e7adas, rampas, \u00e1rea de piscina e etc.\",\"breadcrumb\":{\"@id\":\"https:\\\/\\\/minasgramados.com.br\\\/Loja\\\/produto\\\/pedra-portuguesa-decorativa\\\/#breadcrumb\"},\"inLanguage\":\"pt-BR\",\"potentialAction\":[{\"@type\":\"ReadAction\",\"target\":[\"https:\\\/\\\/minasgramados.com.br\\\/Loja\\\/produto\\\/pedra-portuguesa-decorativa\\\/\"]}]},{\"@type\":\"ImageObject\",\"inLanguage\":\"pt-BR\",\"@id\":\"https:\\\/\\\/minasgramados.com.br\\\/Loja\\\/produto\\\/pedra-portuguesa-decorativa\\\/#primaryimage\",\"url\":\"https:\\\/\\\/minasgramados.com.br\\\/Loja\\\/wp-content\\\/uploads\\\/2015\\\/11\\\/Pedra-portuguesa-Salmao..jpg\",\"contentUrl\":\"https:\\\/\\\/minasgramados.com.br\\\/Loja\\\/wp-content\\\/uploads\\\/2015\\\/11\\\/Pedra-portuguesa-Salmao..jpg\",\"width\":640,\"height\":480,\"caption\":\"\u00f8;\"},{\"@type\":\"BreadcrumbList\",\"@id\":\"https:\\\/\\\/minasgramados.com.br\\\/Loja\\\/produto\\\/pedra-portuguesa-decorativa\\\/#breadcrumb\",\"itemListElement\":[{\"@type\":\"ListItem\",\"position\":1,\"name\":\"In\u00edcio\",\"item\":\"https:\\\/\\\/minasgramados.com.br\\\/Loja\\\/\"},{\"@type\":\"ListItem\",\"position\":2,\"name\":\"Loja\",\"item\":\"https:\\\/\\\/minasgramados.com.br\\\/Loja\\\/loja-modelo-03\\\/\"},{\"@type\":\"ListItem\",\"position\":3,\"name\":\"Pedra Portuguesa (Pre\u00e7o M2)\"}]},{\"@type\":\"WebSite\",\"@id\":\"https:\\\/\\\/minasgramados.com.br\\\/Loja\\\/#website\",\"url\":\"https:\\\/\\\/minasgramados.com.br\\\/Loja\\\/\",\"name\":\"Minas Gramados - Paisagismo e Hidrossemeadura.\",\"description\":\"Distribuidora de Gramas adubos sementes em Betim e no Brasil.\",\"publisher\":{\"@id\":\"https:\\\/\\\/minasgramados.com.br\\\/Loja\\\/#organization\"},\"potentialAction\":[{\"@type\":\"SearchAction\",\"target\":{\"@type\":\"EntryPoint\",\"urlTemplate\":\"https:\\\/\\\/minasgramados.com.br\\\/Loja\\\/?s={search_term_string}\"},\"query-input\":{\"@type\":\"PropertyValueSpecification\",\"valueRequired\":true,\"valueName\":\"search_term_string\"}}],\"inLanguage\":\"pt-BR\"},{\"@type\":\"Organization\",\"@id\":\"https:\\\/\\\/minasgramados.com.br\\\/Loja\\\/#organization\",\"name\":\"Minas Gramados - Paisagismo e Hidrossemeadura.\",\"url\":\"https:\\\/\\\/minasgramados.com.br\\\/Loja\\\/\",\"logo\":{\"@type\":\"ImageObject\",\"inLanguage\":\"pt-BR\",\"@id\":\"https:\\\/\\\/minasgramados.com.br\\\/Loja\\\/#\\\/schema\\\/logo\\\/image\\\/\",\"url\":\"https:\\\/\\\/minasgramados.com.br\\\/Loja\\\/wp-content\\\/uploads\\\/2018\\\/06\\\/gramados-original-1.gif\",\"contentUrl\":\"https:\\\/\\\/minasgramados.com.br\\\/Loja\\\/wp-content\\\/uploads\\\/2018\\\/06\\\/gramados-original-1.gif\",\"width\":600,\"height\":300,\"caption\":\"Minas Gramados - Paisagismo e Hidrossemeadura.\"},\"image\":{\"@id\":\"https:\\\/\\\/minasgramados.com.br\\\/Loja\\\/#\\\/schema\\\/logo\\\/image\\\/\"}}]}<\/script>\n<!-- \/ Yoast SEO plugin. -->","yoast_head_json":{"title":"Pedra Portuguesa-Minas Gramados- Cal\u00e7ada Portuguesa BH","description":"Pedra portuguesa se espalhou pelo mundo , ela permite formar padr\u00f5es decorativos para \u00e1reas como cal\u00e7adas, rampas, \u00e1rea de piscina e etc.","robots":{"index":"index","follow":"follow","max-snippet":"max-snippet:-1","max-image-preview":"max-image-preview:large","max-video-preview":"max-video-preview:-1"},"canonical":"https:\/\/minasgramados.com.br\/Loja\/produto\/pedra-portuguesa-decorativa\/","twitter_card":"summary_large_image","twitter_title":"Pedra Portuguesa-Minas Gramados- Cal\u00e7ada Portuguesa BH","twitter_description":"Pedra portuguesa se espalhou pelo mundo , ela permite formar padr\u00f5es decorativos para \u00e1reas como cal\u00e7adas, rampas, \u00e1rea de piscina e etc.","twitter_image":"https:\/\/minasgramados.com.br\/Loja\/wp-content\/uploads\/2015\/11\/Pedra-portuguesa-Salmao..jpg","twitter_misc":{"Est. tempo de leitura":"2 minutos"},"schema":{"@context":"https:\/\/schema.org","@graph":[{"@type":"WebPage","@id":"https:\/\/minasgramados.com.br\/Loja\/produto\/pedra-portuguesa-decorativa\/","url":"https:\/\/minasgramados.com.br\/Loja\/produto\/pedra-portuguesa-decorativa\/","name":"Pedra Portuguesa-Minas Gramados- Cal\u00e7ada Portuguesa BH","isPartOf":{"@id":"https:\/\/minasgramados.com.br\/Loja\/#website"},"primaryImageOfPage":{"@id":"https:\/\/minasgramados.com.br\/Loja\/produto\/pedra-portuguesa-decorativa\/#primaryimage"},"image":{"@id":"https:\/\/minasgramados.com.br\/Loja\/produto\/pedra-portuguesa-decorativa\/#primaryimage"},"thumbnailUrl":"https:\/\/minasgramados.com.br\/Loja\/wp-content\/uploads\/2015\/11\/Pedra-portuguesa-Salmao..jpg","datePublished":"2015-11-10T16:27:19+00:00","dateModified":"2025-07-13T21:22:51+00:00","description":"Pedra portuguesa se espalhou pelo mundo , ela permite formar padr\u00f5es decorativos para \u00e1reas como cal\u00e7adas, rampas, \u00e1rea de piscina e etc.","breadcrumb":{"@id":"https:\/\/minasgramados.com.br\/Loja\/produto\/pedra-portuguesa-decorativa\/#breadcrumb"},"inLanguage":"pt-BR","potentialAction":[{"@type":"ReadAction","target":["https:\/\/minasgramados.com.br\/Loja\/produto\/pedra-portuguesa-decorativa\/"]}]},{"@type":"ImageObject","inLanguage":"pt-BR","@id":"https:\/\/minasgramados.com.br\/Loja\/produto\/pedra-portuguesa-decorativa\/#primaryimage","url":"https:\/\/minasgramados.com.br\/Loja\/wp-content\/uploads\/2015\/11\/Pedra-portuguesa-Salmao..jpg","contentUrl":"https:\/\/minasgramados.com.br\/Loja\/wp-content\/uploads\/2015\/11\/Pedra-portuguesa-Salmao..jpg","width":640,"height":480,"caption":"\u00f8;"},{"@type":"BreadcrumbList","@id":"https:\/\/minasgramados.com.br\/Loja\/produto\/pedra-portuguesa-decorativa\/#breadcrumb","itemListElement":[{"@type":"ListItem","position":1,"name":"In\u00edcio","item":"https:\/\/minasgramados.com.br\/Loja\/"},{"@type":"ListItem","position":2,"name":"Loja","item":"https:\/\/minasgramados.com.br\/Loja\/loja-modelo-03\/"},{"@type":"ListItem","position":3,"name":"Pedra Portuguesa (Pre\u00e7o M2)"}]},{"@type":"WebSite","@id":"https:\/\/minasgramados.com.br\/Loja\/#website","url":"https:\/\/minasgramados.com.br\/Loja\/","name":"Minas Gramados - Paisagismo e Hidrossemeadura.","description":"Distribuidora de Gramas adubos sementes em Betim e no Brasil.","publisher":{"@id":"https:\/\/minasgramados.com.br\/Loja\/#organization"},"potentialAction":[{"@type":"SearchAction","target":{"@type":"EntryPoint","urlTemplate":"https:\/\/minasgramados.com.br\/Loja\/?s={search_term_string}"},"query-input":{"@type":"PropertyValueSpecification","valueRequired":true,"valueName":"search_term_string"}}],"inLanguage":"pt-BR"},{"@type":"Organization","@id":"https:\/\/minasgramados.com.br\/Loja\/#organization","name":"Minas Gramados - Paisagismo e Hidrossemeadura.","url":"https:\/\/minasgramados.com.br\/Loja\/","logo":{"@type":"ImageObject","inLanguage":"pt-BR","@id":"https:\/\/minasgramados.com.br\/Loja\/#\/schema\/logo\/image\/","url":"https:\/\/minasgramados.com.br\/Loja\/wp-content\/uploads\/2018\/06\/gramados-original-1.gif","contentUrl":"https:\/\/minasgramados.com.br\/Loja\/wp-content\/uploads\/2018\/06\/gramados-original-1.gif","width":600,"height":300,"caption":"Minas Gramados - Paisagismo e Hidrossemeadura."},"image":{"@id":"https:\/\/minasgramados.com.br\/Loja\/#\/schema\/logo\/image\/"}}]}},"_links":{"self":[{"href":"https:\/\/minasgramados.com.br\/Loja\/wp-json\/wp\/v2\/product\/1617","targetHints":{"allow":["GET"]}}],"collection":[{"href":"https:\/\/minasgramados.com.br\/Loja\/wp-json\/wp\/v2\/product"}],"about":[{"href":"https:\/\/minasgramados.com.br\/Loja\/wp-json\/wp\/v2\/types\/product"}],"wp:featuredmedia":[{"embeddable":true,"href":"https:\/\/minasgramados.com.br\/Loja\/wp-json\/wp\/v2\/media\/1619"}],"wp:attachment":[{"href":"https:\/\/minasgramados.com.br\/Loja\/wp-json\/wp\/v2\/media?parent=1617"}],"wp:term":[{"taxonomy":"product_brand","embeddable":true,"href":"https:\/\/minasgramados.com.br\/Loja\/wp-json\/wp\/v2\/product_brand?post=1617"},{"taxonomy":"product_cat","embeddable":true,"href":"https:\/\/minasgramados.com.br\/Loja\/wp-json\/wp\/v2\/product_cat?post=1617"},{"taxonomy":"product_tag","embeddable":true,"href":"https:\/\/minasgramados.com.br\/Loja\/wp-json\/wp\/v2\/product_tag?post=1617"}],"curies":[{"name":"wp","href":"https:\/\/api.w.org\/{rel}","templated":true}]}}