{"id":2044,"date":"2017-04-14T13:40:49","date_gmt":"2017-04-14T16:40:49","guid":{"rendered":"http:\/\/minasgramados.com.br\/Loja\/?post_type=product&#038;p=2044"},"modified":"2025-08-01T14:26:38","modified_gmt":"2025-08-01T17:26:38","slug":"granulado-borracha-para-gramados-sinteticos","status":"publish","type":"product","link":"https:\/\/minasgramados.com.br\/Loja\/produto\/granulado-borracha-para-gramados-sinteticos\/","title":{"rendered":"Granulado de Borracha (Em Sacos e Toneladas)"},"content":{"rendered":"<p style=\"text-align: justify;\">Raspas de Borracha para Campo Raspa de borracha, proveniente de pneu de caminh\u00e3o, em formato de filetes, proporcionando um \u00f3timo amortecimento, com granulometria de dois (2) a quatro (4) mil\u00edmetros. Material limpo, livre de qualquer impureza, como metais. Sacos contendo trinta (30) quilogramas de raspa.<\/p>\n<p style=\"text-align: justify;\"><strong>VANTAGENS:<\/strong><\/p>\n<p>Pode ser aplicado na superf\u00edcie da grama sint\u00e9tica, permitindo que as fibras permane\u00e7am sempre \u201cem p\u00e9&#8221;, n\u00e3o deixando com que as fibras se \u201cdeitem&#8221; com o intenso pisoteio dos atletas, consequentemente protege os fios e prolonga sua vida \u00fatil. N\u00e3o \u00e9 t\u00f3xico e nem alerg\u00eanico. Feito com materiais 100% recicl\u00e1veis.<\/p>\n<p style=\"text-align: justify;\">Abaixo segue uma sugest\u00e3o para o c\u00e1lculo da quantidade de granulado de borracha necess\u00e1ria para cada altura de grama sint\u00e9tica esportiva:<\/p>\n<p style=\"text-align: justify;\">Altura de 30mm &#8211; 4kg por m\u00b2<br \/>\nAltura de 40mm &#8211; 6kg por m\u00b2<br \/>\nAltura de 50mm &#8211; 8kg por m\u00b2<br \/>\nAltura de 60mm &#8211; 10kg por m\u00b2<\/p>\n<p style=\"text-align: justify;\"><strong>PRODUTO UTILIZADO TAMB\u00c9M POR ESPORTISTA PARA:<\/strong><\/p>\n<p style=\"text-align: justify;\">&#8211; Preenchimento de sacos de pancada;<br \/>\n&#8211; Camada amortecimento extra para ser colocado embaixo de tatames.<br \/>\n&#8211; No paisagismo para decora\u00e7\u00e3o e manter a umidade do solo.<\/p>\n<p style=\"text-align: justify;\"><strong>TEN\u00c7\u00c3O<\/strong>: O Pre\u00e7o acima \u00e9 por tonelada e o pedido m\u00ednimo \u00e9 de <strong>6 toneladas<\/strong> sendo o frete a parte. Pedidos maiores s\u00e3o enviados para a fabrica processar o material e as entregas pode demorar de 05 a 15 dias, d\u00favidas entrar em contato com o nosso SAC para tirar suas d\u00favidas.<\/p>\n","protected":false},"excerpt":{"rendered":"<p style=\"text-align: justify;\"><strong>ATEN\u00c7\u00c3O:<\/strong> O Pre\u00e7o acima \u00e9 por kg e o pedido m\u00ednimo \u00e9 de <strong>1 tonelada<\/strong> do granulado borracha preta em <strong>sacos de 30 kg<\/strong>\u00a0 e o frete \u00e9 <strong>FOB<\/strong>. E os pedidos s\u00e3o enviados para a fabrica processar o material e as entregas pode demorar de <strong>05 a 15 <\/strong>dias caso n\u00e3o tenha mat\u00e9ria prima na fabrica, d\u00favidas entrar em contato com o nosso <strong>SAC<\/strong> para tirar suas d\u00favidas.<\/p>\n<p><strong>OBS:<\/strong> Os Granulado de outras cores segue os valores abaixo e as condi\u00e7\u00f5es comerciais.<\/p>\n<p><strong>* GRANULADO BORRACHA MISTA COLORIDA.<\/strong><\/p>\n<p>* 6 MIL KG A 10 MIL KG:.R$ 3,80 KG<br \/>\n* ACIMA DE 10 MIL KG:&#8230;R$ 3,60 KG<\/p>\n<p>* Pedido m\u00ednimo: 6 MIL KG S\/NF. (Pre\u00e7os Sujeito a altera\u00e7\u00e3o).<\/p>\n<p><strong>* GRANULADO BORRACHA P\/AS CORES ABAIXO.<\/strong><\/p>\n<p><strong>*Branca -Natural-Bebe-Marrom e Preta.<\/strong><\/p>\n<p>* 8 MIL KG A 10 MIL KG:..R$ 4,50 KG<br \/>\n* 6 MIL KG A 10 MIL KG:.R$ 4,50 KG Da Preta.<br \/>\n* ACIMA DE 10 MIL KG:&#8230;.R$ 4,40 KG<\/p>\n<p><strong>VALOR\u00a0 SACOS DE 30KG = R$ 175,00 <\/strong>cada sem nota<\/p>\n<p style=\"text-align: justify;\"><strong>EMBALAGENS: <\/strong><strong>Sacos:\u00a0 <\/strong>Com 30 KG<strong> &#8211; <\/strong>Pedido minimo de<strong> 01 tonelada, <\/strong>e o valor de<strong> R$ 4,50 <\/strong>o kg \u00e9 v\u00e1lido para as compras conforme toneladas acima.<\/p>\n<p style=\"text-align: justify;\"><strong>*Caminh\u00e3o:\u00a0<\/strong> Vai com no m\u00ednimo de 6 Toneladas do<strong> Granulado da borracha preta<\/strong> menos do que isso seria o m\u00ednimo de <strong>1 tonelada<\/strong>\u00a0 no varejo pre\u00e7o de saco de 30 kg e por encomenda.<\/p>\n<p><strong>* FRETE:<\/strong> FOB + imposto caso precise de nota.<\/p>\n<p><strong>* Pedido m\u00ednimo:<\/strong> 6 MIL KG para o Granulado preto e\u00a0 8 MIL KG para as outras cores e\u00a0 S\/NF. (Pre\u00e7os Sujeito a altera\u00e7\u00e3o).<\/p>\n","protected":false},"featured_media":3298,"template":"","meta":{"_joinchat":[]},"product_brand":[],"product_cat":[17,40],"product_tag":[],"class_list":{"0":"post-2044","1":"product","2":"type-product","3":"status-publish","4":"has-post-thumbnail","6":"product_cat-gramas-sinteticas","7":"product_cat-sintetica-de-30mm","8":"entry","9":"has-media","11":"first","12":"outofstock","13":"sale","14":"shipping-taxable","15":"purchasable","16":"product-type-simple","17":"col","18":"wpex-woo-entry","19":"span_1_of_4"},"yoast_head":"<!-- This site is optimized with the Yoast SEO plugin v27.3 - https:\/\/yoast.com\/product\/yoast-seo-wordpress\/ -->\n<title>Granulado Borracha BH - Granulado borracha Betim MG<\/title>\n<meta name=\"description\" content=\"Granulado de Borracha para campo, ele proveniente de pneu de caminh\u00e3o, em formato de filetes, \u00f3timo amortecimento, granulometria de 2 a 4 mm.\" \/>\n<meta name=\"robots\" content=\"index, follow, max-snippet:-1, max-image-preview:large, max-video-preview:-1\" \/>\n<link rel=\"canonical\" href=\"https:\/\/minasgramados.com.br\/Loja\/produto\/granulado-borracha-para-gramados-sinteticos\/\" \/>\n<meta name=\"twitter:card\" content=\"summary_large_image\" \/>\n<meta name=\"twitter:title\" content=\"Granulado Borracha BH - Granulado borracha Betim MG\" \/>\n<meta name=\"twitter:description\" content=\"Granulado de Borracha para campo, ele proveniente de pneu de caminh\u00e3o, em formato de filetes, \u00f3timo amortecimento, granulometria de 2 a 4 mm.\" \/>\n<meta name=\"twitter:image\" content=\"https:\/\/minasgramados.com.br\/Loja\/wp-content\/uploads\/2017\/04\/Amostra-das-cores.jpg\" \/>\n<meta name=\"twitter:label1\" content=\"Est. tempo de leitura\" \/>\n\t<meta name=\"twitter:data1\" content=\"2 minutos\" \/>\n<script type=\"application\/ld+json\" class=\"yoast-schema-graph\">{\"@context\":\"https:\\\/\\\/schema.org\",\"@graph\":[{\"@type\":\"WebPage\",\"@id\":\"https:\\\/\\\/minasgramados.com.br\\\/Loja\\\/produto\\\/granulado-borracha-para-gramados-sinteticos\\\/\",\"url\":\"https:\\\/\\\/minasgramados.com.br\\\/Loja\\\/produto\\\/granulado-borracha-para-gramados-sinteticos\\\/\",\"name\":\"Granulado Borracha BH - Granulado borracha Betim MG\",\"isPartOf\":{\"@id\":\"https:\\\/\\\/minasgramados.com.br\\\/Loja\\\/#website\"},\"primaryImageOfPage\":{\"@id\":\"https:\\\/\\\/minasgramados.com.br\\\/Loja\\\/produto\\\/granulado-borracha-para-gramados-sinteticos\\\/#primaryimage\"},\"image\":{\"@id\":\"https:\\\/\\\/minasgramados.com.br\\\/Loja\\\/produto\\\/granulado-borracha-para-gramados-sinteticos\\\/#primaryimage\"},\"thumbnailUrl\":\"https:\\\/\\\/minasgramados.com.br\\\/Loja\\\/wp-content\\\/uploads\\\/2017\\\/04\\\/Amostra-das-cores.jpg\",\"datePublished\":\"2017-04-14T16:40:49+00:00\",\"dateModified\":\"2025-08-01T17:26:38+00:00\",\"description\":\"Granulado de Borracha para campo, ele proveniente de pneu de caminh\u00e3o, em formato de filetes, \u00f3timo amortecimento, granulometria de 2 a 4 mm.\",\"breadcrumb\":{\"@id\":\"https:\\\/\\\/minasgramados.com.br\\\/Loja\\\/produto\\\/granulado-borracha-para-gramados-sinteticos\\\/#breadcrumb\"},\"inLanguage\":\"pt-BR\",\"potentialAction\":[{\"@type\":\"ReadAction\",\"target\":[\"https:\\\/\\\/minasgramados.com.br\\\/Loja\\\/produto\\\/granulado-borracha-para-gramados-sinteticos\\\/\"]}]},{\"@type\":\"ImageObject\",\"inLanguage\":\"pt-BR\",\"@id\":\"https:\\\/\\\/minasgramados.com.br\\\/Loja\\\/produto\\\/granulado-borracha-para-gramados-sinteticos\\\/#primaryimage\",\"url\":\"https:\\\/\\\/minasgramados.com.br\\\/Loja\\\/wp-content\\\/uploads\\\/2017\\\/04\\\/Amostra-das-cores.jpg\",\"contentUrl\":\"https:\\\/\\\/minasgramados.com.br\\\/Loja\\\/wp-content\\\/uploads\\\/2017\\\/04\\\/Amostra-das-cores.jpg\",\"width\":1200,\"height\":1163},{\"@type\":\"BreadcrumbList\",\"@id\":\"https:\\\/\\\/minasgramados.com.br\\\/Loja\\\/produto\\\/granulado-borracha-para-gramados-sinteticos\\\/#breadcrumb\",\"itemListElement\":[{\"@type\":\"ListItem\",\"position\":1,\"name\":\"In\u00edcio\",\"item\":\"https:\\\/\\\/minasgramados.com.br\\\/Loja\\\/\"},{\"@type\":\"ListItem\",\"position\":2,\"name\":\"Loja\",\"item\":\"https:\\\/\\\/minasgramados.com.br\\\/Loja\\\/loja-modelo-03\\\/\"},{\"@type\":\"ListItem\",\"position\":3,\"name\":\"Granulado de Borracha (Em Sacos e Toneladas)\"}]},{\"@type\":\"WebSite\",\"@id\":\"https:\\\/\\\/minasgramados.com.br\\\/Loja\\\/#website\",\"url\":\"https:\\\/\\\/minasgramados.com.br\\\/Loja\\\/\",\"name\":\"Minas Gramados - Paisagismo e Hidrossemeadura.\",\"description\":\"Distribuidora de Gramas adubos sementes em Betim e no Brasil.\",\"publisher\":{\"@id\":\"https:\\\/\\\/minasgramados.com.br\\\/Loja\\\/#organization\"},\"potentialAction\":[{\"@type\":\"SearchAction\",\"target\":{\"@type\":\"EntryPoint\",\"urlTemplate\":\"https:\\\/\\\/minasgramados.com.br\\\/Loja\\\/?s={search_term_string}\"},\"query-input\":{\"@type\":\"PropertyValueSpecification\",\"valueRequired\":true,\"valueName\":\"search_term_string\"}}],\"inLanguage\":\"pt-BR\"},{\"@type\":\"Organization\",\"@id\":\"https:\\\/\\\/minasgramados.com.br\\\/Loja\\\/#organization\",\"name\":\"Minas Gramados - Paisagismo e Hidrossemeadura.\",\"url\":\"https:\\\/\\\/minasgramados.com.br\\\/Loja\\\/\",\"logo\":{\"@type\":\"ImageObject\",\"inLanguage\":\"pt-BR\",\"@id\":\"https:\\\/\\\/minasgramados.com.br\\\/Loja\\\/#\\\/schema\\\/logo\\\/image\\\/\",\"url\":\"https:\\\/\\\/minasgramados.com.br\\\/Loja\\\/wp-content\\\/uploads\\\/2018\\\/06\\\/gramados-original-1.gif\",\"contentUrl\":\"https:\\\/\\\/minasgramados.com.br\\\/Loja\\\/wp-content\\\/uploads\\\/2018\\\/06\\\/gramados-original-1.gif\",\"width\":600,\"height\":300,\"caption\":\"Minas Gramados - Paisagismo e Hidrossemeadura.\"},\"image\":{\"@id\":\"https:\\\/\\\/minasgramados.com.br\\\/Loja\\\/#\\\/schema\\\/logo\\\/image\\\/\"}}]}<\/script>\n<!-- \/ Yoast SEO plugin. -->","yoast_head_json":{"title":"Granulado Borracha BH - Granulado borracha Betim MG","description":"Granulado de Borracha para campo, ele proveniente de pneu de caminh\u00e3o, em formato de filetes, \u00f3timo amortecimento, granulometria de 2 a 4 mm.","robots":{"index":"index","follow":"follow","max-snippet":"max-snippet:-1","max-image-preview":"max-image-preview:large","max-video-preview":"max-video-preview:-1"},"canonical":"https:\/\/minasgramados.com.br\/Loja\/produto\/granulado-borracha-para-gramados-sinteticos\/","twitter_card":"summary_large_image","twitter_title":"Granulado Borracha BH - Granulado borracha Betim MG","twitter_description":"Granulado de Borracha para campo, ele proveniente de pneu de caminh\u00e3o, em formato de filetes, \u00f3timo amortecimento, granulometria de 2 a 4 mm.","twitter_image":"https:\/\/minasgramados.com.br\/Loja\/wp-content\/uploads\/2017\/04\/Amostra-das-cores.jpg","twitter_misc":{"Est. tempo de leitura":"2 minutos"},"schema":{"@context":"https:\/\/schema.org","@graph":[{"@type":"WebPage","@id":"https:\/\/minasgramados.com.br\/Loja\/produto\/granulado-borracha-para-gramados-sinteticos\/","url":"https:\/\/minasgramados.com.br\/Loja\/produto\/granulado-borracha-para-gramados-sinteticos\/","name":"Granulado Borracha BH - Granulado borracha Betim MG","isPartOf":{"@id":"https:\/\/minasgramados.com.br\/Loja\/#website"},"primaryImageOfPage":{"@id":"https:\/\/minasgramados.com.br\/Loja\/produto\/granulado-borracha-para-gramados-sinteticos\/#primaryimage"},"image":{"@id":"https:\/\/minasgramados.com.br\/Loja\/produto\/granulado-borracha-para-gramados-sinteticos\/#primaryimage"},"thumbnailUrl":"https:\/\/minasgramados.com.br\/Loja\/wp-content\/uploads\/2017\/04\/Amostra-das-cores.jpg","datePublished":"2017-04-14T16:40:49+00:00","dateModified":"2025-08-01T17:26:38+00:00","description":"Granulado de Borracha para campo, ele proveniente de pneu de caminh\u00e3o, em formato de filetes, \u00f3timo amortecimento, granulometria de 2 a 4 mm.","breadcrumb":{"@id":"https:\/\/minasgramados.com.br\/Loja\/produto\/granulado-borracha-para-gramados-sinteticos\/#breadcrumb"},"inLanguage":"pt-BR","potentialAction":[{"@type":"ReadAction","target":["https:\/\/minasgramados.com.br\/Loja\/produto\/granulado-borracha-para-gramados-sinteticos\/"]}]},{"@type":"ImageObject","inLanguage":"pt-BR","@id":"https:\/\/minasgramados.com.br\/Loja\/produto\/granulado-borracha-para-gramados-sinteticos\/#primaryimage","url":"https:\/\/minasgramados.com.br\/Loja\/wp-content\/uploads\/2017\/04\/Amostra-das-cores.jpg","contentUrl":"https:\/\/minasgramados.com.br\/Loja\/wp-content\/uploads\/2017\/04\/Amostra-das-cores.jpg","width":1200,"height":1163},{"@type":"BreadcrumbList","@id":"https:\/\/minasgramados.com.br\/Loja\/produto\/granulado-borracha-para-gramados-sinteticos\/#breadcrumb","itemListElement":[{"@type":"ListItem","position":1,"name":"In\u00edcio","item":"https:\/\/minasgramados.com.br\/Loja\/"},{"@type":"ListItem","position":2,"name":"Loja","item":"https:\/\/minasgramados.com.br\/Loja\/loja-modelo-03\/"},{"@type":"ListItem","position":3,"name":"Granulado de Borracha (Em Sacos e Toneladas)"}]},{"@type":"WebSite","@id":"https:\/\/minasgramados.com.br\/Loja\/#website","url":"https:\/\/minasgramados.com.br\/Loja\/","name":"Minas Gramados - Paisagismo e Hidrossemeadura.","description":"Distribuidora de Gramas adubos sementes em Betim e no Brasil.","publisher":{"@id":"https:\/\/minasgramados.com.br\/Loja\/#organization"},"potentialAction":[{"@type":"SearchAction","target":{"@type":"EntryPoint","urlTemplate":"https:\/\/minasgramados.com.br\/Loja\/?s={search_term_string}"},"query-input":{"@type":"PropertyValueSpecification","valueRequired":true,"valueName":"search_term_string"}}],"inLanguage":"pt-BR"},{"@type":"Organization","@id":"https:\/\/minasgramados.com.br\/Loja\/#organization","name":"Minas Gramados - Paisagismo e Hidrossemeadura.","url":"https:\/\/minasgramados.com.br\/Loja\/","logo":{"@type":"ImageObject","inLanguage":"pt-BR","@id":"https:\/\/minasgramados.com.br\/Loja\/#\/schema\/logo\/image\/","url":"https:\/\/minasgramados.com.br\/Loja\/wp-content\/uploads\/2018\/06\/gramados-original-1.gif","contentUrl":"https:\/\/minasgramados.com.br\/Loja\/wp-content\/uploads\/2018\/06\/gramados-original-1.gif","width":600,"height":300,"caption":"Minas Gramados - Paisagismo e Hidrossemeadura."},"image":{"@id":"https:\/\/minasgramados.com.br\/Loja\/#\/schema\/logo\/image\/"}}]}},"_links":{"self":[{"href":"https:\/\/minasgramados.com.br\/Loja\/wp-json\/wp\/v2\/product\/2044","targetHints":{"allow":["GET"]}}],"collection":[{"href":"https:\/\/minasgramados.com.br\/Loja\/wp-json\/wp\/v2\/product"}],"about":[{"href":"https:\/\/minasgramados.com.br\/Loja\/wp-json\/wp\/v2\/types\/product"}],"wp:featuredmedia":[{"embeddable":true,"href":"https:\/\/minasgramados.com.br\/Loja\/wp-json\/wp\/v2\/media\/3298"}],"wp:attachment":[{"href":"https:\/\/minasgramados.com.br\/Loja\/wp-json\/wp\/v2\/media?parent=2044"}],"wp:term":[{"taxonomy":"product_brand","embeddable":true,"href":"https:\/\/minasgramados.com.br\/Loja\/wp-json\/wp\/v2\/product_brand?post=2044"},{"taxonomy":"product_cat","embeddable":true,"href":"https:\/\/minasgramados.com.br\/Loja\/wp-json\/wp\/v2\/product_cat?post=2044"},{"taxonomy":"product_tag","embeddable":true,"href":"https:\/\/minasgramados.com.br\/Loja\/wp-json\/wp\/v2\/product_tag?post=2044"}],"curies":[{"name":"wp","href":"https:\/\/api.w.org\/{rel}","templated":true}]}}