{"id":2142,"date":"2017-08-27T17:46:23","date_gmt":"2017-08-27T20:46:23","guid":{"rendered":"http:\/\/minasgramados.com.br\/Loja\/?post_type=product&#038;p=2142"},"modified":"2025-07-13T19:58:30","modified_gmt":"2025-07-13T22:58:30","slug":"calcamento-poliedricopreco","status":"publish","type":"product","link":"https:\/\/minasgramados.com.br\/Loja\/produto\/calcamento-poliedricopreco\/","title":{"rendered":"Poli\u00e9drico Cal\u00e7amento (Pre\u00e7o M2)"},"content":{"rendered":"<p style=\"text-align: justify;\">O Cal\u00e7amento poli\u00e9drico ou cal\u00e7adinha \u00e9 denominado tecnicamente como cal\u00e7amento p\u00e9 de moleque recomendado para pavimenta\u00e7\u00e3o de vias p\u00fablicas, p\u00e1tio, estacionamento, vias de acesso em propriedades rurais e obras que requerem durabilidade e grande resist\u00eancia a qualquer tipo de tr\u00e1fego, inclusive ve\u00edculos pesados e ve\u00edculos de tra\u00e7\u00e3o por esteiras.<\/p>\n<p>NA MINAS GRAMADOS voc\u00ea conta com uma equipe profissional altamente qualificada. Entre os produtos que oferece, encontram-se tamb\u00e9m:<\/p>\n<p>&#8211; Areia gnaisse;<br \/>\n&#8211; Bica corrida com cimento;<br \/>\n&#8211; Pedra de m\u00e3o rach\u00e3o;<br \/>\n&#8211; Brita para concreto;<br \/>\n&#8211; Entre diversos outros.<\/p>\n<p>MEDIDAS IRREGULARES: Porque por serem de v\u00e1rios tamanhos<\/p>\n<p>Caminh\u00e3o leva carga com ate 100m\u00b2<\/p>\n<p>*ATEN\u00c7\u00c3O: Venda m\u00ednima de 100M2 o frete \u00e9 calculado conforme localidade de entrega, entregamos na grande\u00a0 BH e regi\u00e3o e para envio para outras cidades consulte nosso SAC.<\/p>\n","protected":false},"excerpt":{"rendered":"<p style=\"text-align: justify;\">CAL\u00c7AMENTO POLI\u00c9DRICO: Conhecido tecnicamente como p\u00e9 de moleque ou cal\u00e7adinha, O Valor acima \u00e9 do Poli\u00e9drico\u00a0 vendido com fornecimento da m\u00e3o de obra ou n\u00e3o, para saber o pre\u00e7o final com a m\u00e3o de obra depender\u00e1 do local onde ser\u00e1 a entrega e assentamento dele. <span style=\"color: #ff0000;\">(Obs): Para compras consulte-nos, as\u00a0 vendas somente por encomenda, pedido minimo de 100m2 mediante ordem de compra.<\/span><\/p>\n","protected":false},"featured_media":2144,"template":"","meta":{"_joinchat":[]},"product_brand":[],"product_cat":[18,45],"product_tag":[],"class_list":{"0":"post-2142","1":"product","2":"type-product","3":"status-publish","4":"has-post-thumbnail","6":"product_cat-construcao-e-cia","7":"product_cat-pavimentacoes-pisos","8":"entry","9":"has-media","11":"first","12":"outofstock","13":"sale","14":"shipping-taxable","15":"purchasable","16":"product-type-simple","17":"col","18":"wpex-woo-entry","19":"span_1_of_4"},"yoast_head":"<!-- This site is optimized with the Yoast SEO plugin v27.3 - https:\/\/yoast.com\/product\/yoast-seo-wordpress\/ -->\n<title>Cal\u00e7amento Poli\u00e9drico - Cal\u00e7amento p\u00e9 de moleque BH Betim MG<\/title>\n<meta name=\"description\" content=\"Cal\u00e7amento poli\u00e9drico, muito recomendado para pavimenta\u00e7\u00e3o de vias p\u00fablicas, p\u00e1tio, estacionamento, vias de acesso em propriedades rurais.\" \/>\n<meta name=\"robots\" content=\"index, follow, max-snippet:-1, max-image-preview:large, max-video-preview:-1\" \/>\n<link rel=\"canonical\" href=\"https:\/\/minasgramados.com.br\/Loja\/produto\/calcamento-poliedricopreco\/\" \/>\n<meta name=\"twitter:card\" content=\"summary_large_image\" \/>\n<meta name=\"twitter:title\" content=\"Cal\u00e7amento Poli\u00e9drico - Cal\u00e7amento p\u00e9 de moleque BH Betim MG\" \/>\n<meta name=\"twitter:description\" content=\"Cal\u00e7amento poli\u00e9drico, muito recomendado para pavimenta\u00e7\u00e3o de vias p\u00fablicas, p\u00e1tio, estacionamento, vias de acesso em propriedades rurais.\" \/>\n<meta name=\"twitter:image\" content=\"https:\/\/minasgramados.com.br\/Loja\/wp-content\/uploads\/2017\/08\/Calcamento-poliedrico-Ago-2017.png\" \/>\n<meta name=\"twitter:label1\" content=\"Est. tempo de leitura\" \/>\n\t<meta name=\"twitter:data1\" content=\"1 minuto\" \/>\n<script type=\"application\/ld+json\" class=\"yoast-schema-graph\">{\"@context\":\"https:\\\/\\\/schema.org\",\"@graph\":[{\"@type\":\"WebPage\",\"@id\":\"https:\\\/\\\/minasgramados.com.br\\\/Loja\\\/produto\\\/calcamento-poliedricopreco\\\/\",\"url\":\"https:\\\/\\\/minasgramados.com.br\\\/Loja\\\/produto\\\/calcamento-poliedricopreco\\\/\",\"name\":\"Cal\u00e7amento Poli\u00e9drico - Cal\u00e7amento p\u00e9 de moleque BH Betim MG\",\"isPartOf\":{\"@id\":\"https:\\\/\\\/minasgramados.com.br\\\/Loja\\\/#website\"},\"primaryImageOfPage\":{\"@id\":\"https:\\\/\\\/minasgramados.com.br\\\/Loja\\\/produto\\\/calcamento-poliedricopreco\\\/#primaryimage\"},\"image\":{\"@id\":\"https:\\\/\\\/minasgramados.com.br\\\/Loja\\\/produto\\\/calcamento-poliedricopreco\\\/#primaryimage\"},\"thumbnailUrl\":\"https:\\\/\\\/minasgramados.com.br\\\/Loja\\\/wp-content\\\/uploads\\\/2017\\\/08\\\/Calcamento-poliedrico-Ago-2017.png\",\"datePublished\":\"2017-08-27T20:46:23+00:00\",\"dateModified\":\"2025-07-13T22:58:30+00:00\",\"description\":\"Cal\u00e7amento poli\u00e9drico, muito recomendado para pavimenta\u00e7\u00e3o de vias p\u00fablicas, p\u00e1tio, estacionamento, vias de acesso em propriedades rurais.\",\"breadcrumb\":{\"@id\":\"https:\\\/\\\/minasgramados.com.br\\\/Loja\\\/produto\\\/calcamento-poliedricopreco\\\/#breadcrumb\"},\"inLanguage\":\"pt-BR\",\"potentialAction\":[{\"@type\":\"ReadAction\",\"target\":[\"https:\\\/\\\/minasgramados.com.br\\\/Loja\\\/produto\\\/calcamento-poliedricopreco\\\/\"]}]},{\"@type\":\"ImageObject\",\"inLanguage\":\"pt-BR\",\"@id\":\"https:\\\/\\\/minasgramados.com.br\\\/Loja\\\/produto\\\/calcamento-poliedricopreco\\\/#primaryimage\",\"url\":\"https:\\\/\\\/minasgramados.com.br\\\/Loja\\\/wp-content\\\/uploads\\\/2017\\\/08\\\/Calcamento-poliedrico-Ago-2017.png\",\"contentUrl\":\"https:\\\/\\\/minasgramados.com.br\\\/Loja\\\/wp-content\\\/uploads\\\/2017\\\/08\\\/Calcamento-poliedrico-Ago-2017.png\",\"width\":768,\"height\":635},{\"@type\":\"BreadcrumbList\",\"@id\":\"https:\\\/\\\/minasgramados.com.br\\\/Loja\\\/produto\\\/calcamento-poliedricopreco\\\/#breadcrumb\",\"itemListElement\":[{\"@type\":\"ListItem\",\"position\":1,\"name\":\"In\u00edcio\",\"item\":\"https:\\\/\\\/minasgramados.com.br\\\/Loja\\\/\"},{\"@type\":\"ListItem\",\"position\":2,\"name\":\"Loja\",\"item\":\"https:\\\/\\\/minasgramados.com.br\\\/Loja\\\/loja-modelo-03\\\/\"},{\"@type\":\"ListItem\",\"position\":3,\"name\":\"Poli\u00e9drico Cal\u00e7amento (Pre\u00e7o M2)\"}]},{\"@type\":\"WebSite\",\"@id\":\"https:\\\/\\\/minasgramados.com.br\\\/Loja\\\/#website\",\"url\":\"https:\\\/\\\/minasgramados.com.br\\\/Loja\\\/\",\"name\":\"Minas Gramados - Paisagismo e Hidrossemeadura.\",\"description\":\"Distribuidora de Gramas adubos sementes em Betim e no Brasil.\",\"publisher\":{\"@id\":\"https:\\\/\\\/minasgramados.com.br\\\/Loja\\\/#organization\"},\"potentialAction\":[{\"@type\":\"SearchAction\",\"target\":{\"@type\":\"EntryPoint\",\"urlTemplate\":\"https:\\\/\\\/minasgramados.com.br\\\/Loja\\\/?s={search_term_string}\"},\"query-input\":{\"@type\":\"PropertyValueSpecification\",\"valueRequired\":true,\"valueName\":\"search_term_string\"}}],\"inLanguage\":\"pt-BR\"},{\"@type\":\"Organization\",\"@id\":\"https:\\\/\\\/minasgramados.com.br\\\/Loja\\\/#organization\",\"name\":\"Minas Gramados - Paisagismo e Hidrossemeadura.\",\"url\":\"https:\\\/\\\/minasgramados.com.br\\\/Loja\\\/\",\"logo\":{\"@type\":\"ImageObject\",\"inLanguage\":\"pt-BR\",\"@id\":\"https:\\\/\\\/minasgramados.com.br\\\/Loja\\\/#\\\/schema\\\/logo\\\/image\\\/\",\"url\":\"https:\\\/\\\/minasgramados.com.br\\\/Loja\\\/wp-content\\\/uploads\\\/2018\\\/06\\\/gramados-original-1.gif\",\"contentUrl\":\"https:\\\/\\\/minasgramados.com.br\\\/Loja\\\/wp-content\\\/uploads\\\/2018\\\/06\\\/gramados-original-1.gif\",\"width\":600,\"height\":300,\"caption\":\"Minas Gramados - Paisagismo e Hidrossemeadura.\"},\"image\":{\"@id\":\"https:\\\/\\\/minasgramados.com.br\\\/Loja\\\/#\\\/schema\\\/logo\\\/image\\\/\"}}]}<\/script>\n<!-- \/ Yoast SEO plugin. -->","yoast_head_json":{"title":"Cal\u00e7amento Poli\u00e9drico - Cal\u00e7amento p\u00e9 de moleque BH Betim MG","description":"Cal\u00e7amento poli\u00e9drico, muito recomendado para pavimenta\u00e7\u00e3o de vias p\u00fablicas, p\u00e1tio, estacionamento, vias de acesso em propriedades rurais.","robots":{"index":"index","follow":"follow","max-snippet":"max-snippet:-1","max-image-preview":"max-image-preview:large","max-video-preview":"max-video-preview:-1"},"canonical":"https:\/\/minasgramados.com.br\/Loja\/produto\/calcamento-poliedricopreco\/","twitter_card":"summary_large_image","twitter_title":"Cal\u00e7amento Poli\u00e9drico - Cal\u00e7amento p\u00e9 de moleque BH Betim MG","twitter_description":"Cal\u00e7amento poli\u00e9drico, muito recomendado para pavimenta\u00e7\u00e3o de vias p\u00fablicas, p\u00e1tio, estacionamento, vias de acesso em propriedades rurais.","twitter_image":"https:\/\/minasgramados.com.br\/Loja\/wp-content\/uploads\/2017\/08\/Calcamento-poliedrico-Ago-2017.png","twitter_misc":{"Est. tempo de leitura":"1 minuto"},"schema":{"@context":"https:\/\/schema.org","@graph":[{"@type":"WebPage","@id":"https:\/\/minasgramados.com.br\/Loja\/produto\/calcamento-poliedricopreco\/","url":"https:\/\/minasgramados.com.br\/Loja\/produto\/calcamento-poliedricopreco\/","name":"Cal\u00e7amento Poli\u00e9drico - Cal\u00e7amento p\u00e9 de moleque BH Betim MG","isPartOf":{"@id":"https:\/\/minasgramados.com.br\/Loja\/#website"},"primaryImageOfPage":{"@id":"https:\/\/minasgramados.com.br\/Loja\/produto\/calcamento-poliedricopreco\/#primaryimage"},"image":{"@id":"https:\/\/minasgramados.com.br\/Loja\/produto\/calcamento-poliedricopreco\/#primaryimage"},"thumbnailUrl":"https:\/\/minasgramados.com.br\/Loja\/wp-content\/uploads\/2017\/08\/Calcamento-poliedrico-Ago-2017.png","datePublished":"2017-08-27T20:46:23+00:00","dateModified":"2025-07-13T22:58:30+00:00","description":"Cal\u00e7amento poli\u00e9drico, muito recomendado para pavimenta\u00e7\u00e3o de vias p\u00fablicas, p\u00e1tio, estacionamento, vias de acesso em propriedades rurais.","breadcrumb":{"@id":"https:\/\/minasgramados.com.br\/Loja\/produto\/calcamento-poliedricopreco\/#breadcrumb"},"inLanguage":"pt-BR","potentialAction":[{"@type":"ReadAction","target":["https:\/\/minasgramados.com.br\/Loja\/produto\/calcamento-poliedricopreco\/"]}]},{"@type":"ImageObject","inLanguage":"pt-BR","@id":"https:\/\/minasgramados.com.br\/Loja\/produto\/calcamento-poliedricopreco\/#primaryimage","url":"https:\/\/minasgramados.com.br\/Loja\/wp-content\/uploads\/2017\/08\/Calcamento-poliedrico-Ago-2017.png","contentUrl":"https:\/\/minasgramados.com.br\/Loja\/wp-content\/uploads\/2017\/08\/Calcamento-poliedrico-Ago-2017.png","width":768,"height":635},{"@type":"BreadcrumbList","@id":"https:\/\/minasgramados.com.br\/Loja\/produto\/calcamento-poliedricopreco\/#breadcrumb","itemListElement":[{"@type":"ListItem","position":1,"name":"In\u00edcio","item":"https:\/\/minasgramados.com.br\/Loja\/"},{"@type":"ListItem","position":2,"name":"Loja","item":"https:\/\/minasgramados.com.br\/Loja\/loja-modelo-03\/"},{"@type":"ListItem","position":3,"name":"Poli\u00e9drico Cal\u00e7amento (Pre\u00e7o M2)"}]},{"@type":"WebSite","@id":"https:\/\/minasgramados.com.br\/Loja\/#website","url":"https:\/\/minasgramados.com.br\/Loja\/","name":"Minas Gramados - Paisagismo e Hidrossemeadura.","description":"Distribuidora de Gramas adubos sementes em Betim e no Brasil.","publisher":{"@id":"https:\/\/minasgramados.com.br\/Loja\/#organization"},"potentialAction":[{"@type":"SearchAction","target":{"@type":"EntryPoint","urlTemplate":"https:\/\/minasgramados.com.br\/Loja\/?s={search_term_string}"},"query-input":{"@type":"PropertyValueSpecification","valueRequired":true,"valueName":"search_term_string"}}],"inLanguage":"pt-BR"},{"@type":"Organization","@id":"https:\/\/minasgramados.com.br\/Loja\/#organization","name":"Minas Gramados - Paisagismo e Hidrossemeadura.","url":"https:\/\/minasgramados.com.br\/Loja\/","logo":{"@type":"ImageObject","inLanguage":"pt-BR","@id":"https:\/\/minasgramados.com.br\/Loja\/#\/schema\/logo\/image\/","url":"https:\/\/minasgramados.com.br\/Loja\/wp-content\/uploads\/2018\/06\/gramados-original-1.gif","contentUrl":"https:\/\/minasgramados.com.br\/Loja\/wp-content\/uploads\/2018\/06\/gramados-original-1.gif","width":600,"height":300,"caption":"Minas Gramados - Paisagismo e Hidrossemeadura."},"image":{"@id":"https:\/\/minasgramados.com.br\/Loja\/#\/schema\/logo\/image\/"}}]}},"_links":{"self":[{"href":"https:\/\/minasgramados.com.br\/Loja\/wp-json\/wp\/v2\/product\/2142","targetHints":{"allow":["GET"]}}],"collection":[{"href":"https:\/\/minasgramados.com.br\/Loja\/wp-json\/wp\/v2\/product"}],"about":[{"href":"https:\/\/minasgramados.com.br\/Loja\/wp-json\/wp\/v2\/types\/product"}],"wp:featuredmedia":[{"embeddable":true,"href":"https:\/\/minasgramados.com.br\/Loja\/wp-json\/wp\/v2\/media\/2144"}],"wp:attachment":[{"href":"https:\/\/minasgramados.com.br\/Loja\/wp-json\/wp\/v2\/media?parent=2142"}],"wp:term":[{"taxonomy":"product_brand","embeddable":true,"href":"https:\/\/minasgramados.com.br\/Loja\/wp-json\/wp\/v2\/product_brand?post=2142"},{"taxonomy":"product_cat","embeddable":true,"href":"https:\/\/minasgramados.com.br\/Loja\/wp-json\/wp\/v2\/product_cat?post=2142"},{"taxonomy":"product_tag","embeddable":true,"href":"https:\/\/minasgramados.com.br\/Loja\/wp-json\/wp\/v2\/product_tag?post=2142"}],"curies":[{"name":"wp","href":"https:\/\/api.w.org\/{rel}","templated":true}]}}