{"id":2721,"date":"2019-02-28T17:03:24","date_gmt":"2019-02-28T20:03:24","guid":{"rendered":"http:\/\/minasgramados.com.br\/Loja\/?post_type=product&#038;p=2721"},"modified":"2019-03-01T14:10:53","modified_gmt":"2019-03-01T17:10:53","slug":"vasos-ecologico-quadrado","status":"publish","type":"product","link":"https:\/\/minasgramados.com.br\/Loja\/produto\/vasos-ecologico-quadrado\/","title":{"rendered":"Vasos ecol\u00f3gico quadrado"},"content":{"rendered":"<p>Os vasos ecol\u00f3gico de polietileno possuem uma textura moderna e exclusiva e s\u00e3o produzidos a base de PE e recebem aditivos que proporcionam alta durabilidade podendo ser usados em ambientes internos e externos, oferecendo v\u00e1rias op\u00e7\u00f5es de modelos e tamanhos. D\u00ea asas a sua imagina\u00e7\u00e3o e tenha a certeza de ter em seu ambiente um vaso de alt\u00edssima qualidade e requinte.<\/p>\n<p><span style=\"font-size: 16px\">\u00a0 \u00a0 \u00a0 \u00a0 \u00a0 \u00a0 \u00a0 \u00a0 \u00a0 \u00a0 \u00a0 \u00a0 \u00a0 \u00a0 \u00a0 \u00a0 \u00a0 \u00a0 \u00a0 \u00a0 \u00a0 \u00a0 \u00a0 \u00a0 \u00a0 \u00a0 \u00a0 \u00a0 \u00a0 \u00a0 \u00a0 \u00a0 \u00a0 \u00a0 \u00a0 \u00a0 \u00a0 \u00a0 \u00a0 \u00a0 \u00a0(Altura\/Boca\/Largura)<\/span><\/p>\n<table style=\"height: 408px\" width=\"544\">\n<tbody>\n<tr>\n<td style=\"text-align: left\" width=\"81\">C\u00d3DIGO<\/td>\n<td style=\"text-align: center\" width=\"217\">DESCRI\u00c7\u00c3O<\/td>\n<td style=\"text-align: left\" width=\"142\">MEDIDAS<\/td>\n<td style=\"text-align: left\" width=\"85\">Pre\u00e7o unit.<\/td>\n<\/tr>\n<tr>\n<td width=\"81\">VQ 01<\/td>\n<td style=\"text-align: center\" width=\"217\">VASO QUADRADO<\/td>\n<td width=\"142\">8X12X8<\/td>\n<td width=\"85\">R$12.50<\/td>\n<\/tr>\n<tr>\n<td style=\"text-align: left\" width=\"81\">VQ 02<\/td>\n<td style=\"text-align: center\" width=\"217\">VASO QUADRADO<\/td>\n<td width=\"142\">12X15X11<\/td>\n<td width=\"85\">R$14.55<\/td>\n<\/tr>\n<tr>\n<td width=\"81\">VQ 03<\/td>\n<td style=\"text-align: center\" width=\"217\">VASO QUADRADO<\/td>\n<td width=\"142\">16X18X13<\/td>\n<td width=\"85\">R$26.90<\/td>\n<\/tr>\n<tr>\n<td width=\"81\">VQ 03\/A<\/td>\n<td style=\"text-align: center\" width=\"217\">VASO QUADRADO<\/td>\n<td width=\"142\">23X23X13<\/td>\n<td width=\"85\">R$29.90<\/td>\n<\/tr>\n<tr>\n<td width=\"81\">VQ 04<\/td>\n<td style=\"text-align: center\" width=\"217\">VASO QUADRADO<\/td>\n<td width=\"142\">30X30X23<\/td>\n<td width=\"85\">R$57,50<\/td>\n<\/tr>\n<tr>\n<td style=\"text-align: left\" width=\"81\">VQ 05<\/td>\n<td style=\"text-align: center\" width=\"217\">VASO QUADRADO<\/td>\n<td style=\"text-align: left\" width=\"142\">35X35X33<\/td>\n<td style=\"text-align: left\" width=\"85\">R$99,00<\/td>\n<\/tr>\n<\/tbody>\n<\/table>\n<p><span style=\"font-size: 16px\">\u00a0 \u00a0 \u00a0 \u00a0 \u00a0 \u00a0 \u00a0 \u00a0 \u00a0 \u00a0 \u00a0 \u00a0 \u00a0 \u00a0 \u00a0 \u00a0 \u00a0 \u00a0 \u00a0 \u00a0 \u00a0 \u00a0 \u00a0 \u00a0 \u00a0 \u00a0 \u00a0 \u00a0 \u00a0 \u00a0 \u00a0 \u00a0 \u00a0 \u00a0 \u00a0 \u00a0 \u00a0 \u00a0 \u00a0 \u00a0<\/span><\/p>\n<p>CORES DISPON\u00cdVEIS: Verde, Marrom, Laranja, Cinza com branco.<\/p>\n","protected":false},"excerpt":{"rendered":"<p><strong>A\u00a0 Minas Gramados<\/strong> disponibiliza abaixo a tabela com os pre\u00e7os dos vasos ecol\u00f3gicos de polietileno A PARTIR de R$12,50un.\u00a0<span style=\"text-align: justify\">D\u00favidas entrar em contato com o nosso SAC .<\/span><\/p>\n<p style=\"text-align: justify\"><span style=\"color: #ff0000\">(Obs): Os valor de tabela est\u00e3o sujeitos a altera\u00e7\u00f5es, consulte estoque, frete e condi\u00e7\u00f5es comerciais por telefone ou por e-mail.<\/span><\/p>\n<p>&nbsp;<\/p>\n","protected":false},"featured_media":2725,"template":"","meta":{"_joinchat":[]},"product_brand":[],"product_cat":[16,35],"product_tag":[],"class_list":{"0":"post-2721","1":"product","2":"type-product","3":"status-publish","4":"has-post-thumbnail","6":"product_cat-floricultura","7":"product_cat-vasos-e-cachepots","8":"entry","9":"has-media","11":"first","12":"outofstock","13":"shipping-taxable","14":"purchasable","15":"product-type-simple","16":"col","17":"wpex-woo-entry","18":"span_1_of_4"},"yoast_head":"<!-- This site is optimized with the Yoast SEO plugin v27.3 - https:\/\/yoast.com\/product\/yoast-seo-wordpress\/ -->\n<title>Vasos ecol\u00f3gico quadrado - Minas Gramados - Paisagismo e Hidrossemeadura.<\/title>\n<meta name=\"robots\" content=\"index, follow, max-snippet:-1, max-image-preview:large, max-video-preview:-1\" \/>\n<link rel=\"canonical\" href=\"https:\/\/minasgramados.com.br\/Loja\/produto\/vasos-ecologico-quadrado\/\" \/>\n<meta name=\"twitter:card\" content=\"summary_large_image\" \/>\n<meta name=\"twitter:title\" content=\"Vasos ecol\u00f3gico quadrado - Minas Gramados - Paisagismo e Hidrossemeadura.\" \/>\n<meta name=\"twitter:description\" content=\"A\u00a0 Minas Gramados disponibiliza abaixo a tabela com os pre\u00e7os dos vasos ecol\u00f3gicos de polietileno A PARTIR de R$12,50un.\u00a0D\u00favidas entrar em contato com o nosso SAC . (Obs): Os valor de tabela est\u00e3o sujeitos a altera\u00e7\u00f5es, consulte estoque, frete e condi\u00e7\u00f5es comerciais por telefone ou por e-mail. &nbsp;\" \/>\n<meta name=\"twitter:image\" content=\"https:\/\/minasgramados.com.br\/Loja\/wp-content\/uploads\/2019\/02\/Conjunto-de-vasos-quadrados.jpeg\" \/>\n<meta name=\"twitter:label1\" content=\"Est. tempo de leitura\" \/>\n\t<meta name=\"twitter:data1\" content=\"1 minuto\" \/>\n<script type=\"application\/ld+json\" class=\"yoast-schema-graph\">{\"@context\":\"https:\\\/\\\/schema.org\",\"@graph\":[{\"@type\":\"WebPage\",\"@id\":\"https:\\\/\\\/minasgramados.com.br\\\/Loja\\\/produto\\\/vasos-ecologico-quadrado\\\/\",\"url\":\"https:\\\/\\\/minasgramados.com.br\\\/Loja\\\/produto\\\/vasos-ecologico-quadrado\\\/\",\"name\":\"Vasos ecol\u00f3gico quadrado - Minas Gramados - Paisagismo e Hidrossemeadura.\",\"isPartOf\":{\"@id\":\"https:\\\/\\\/minasgramados.com.br\\\/Loja\\\/#website\"},\"primaryImageOfPage\":{\"@id\":\"https:\\\/\\\/minasgramados.com.br\\\/Loja\\\/produto\\\/vasos-ecologico-quadrado\\\/#primaryimage\"},\"image\":{\"@id\":\"https:\\\/\\\/minasgramados.com.br\\\/Loja\\\/produto\\\/vasos-ecologico-quadrado\\\/#primaryimage\"},\"thumbnailUrl\":\"https:\\\/\\\/minasgramados.com.br\\\/Loja\\\/wp-content\\\/uploads\\\/2019\\\/02\\\/Conjunto-de-vasos-quadrados.jpeg\",\"datePublished\":\"2019-02-28T20:03:24+00:00\",\"dateModified\":\"2019-03-01T17:10:53+00:00\",\"breadcrumb\":{\"@id\":\"https:\\\/\\\/minasgramados.com.br\\\/Loja\\\/produto\\\/vasos-ecologico-quadrado\\\/#breadcrumb\"},\"inLanguage\":\"pt-BR\",\"potentialAction\":[{\"@type\":\"ReadAction\",\"target\":[\"https:\\\/\\\/minasgramados.com.br\\\/Loja\\\/produto\\\/vasos-ecologico-quadrado\\\/\"]}]},{\"@type\":\"ImageObject\",\"inLanguage\":\"pt-BR\",\"@id\":\"https:\\\/\\\/minasgramados.com.br\\\/Loja\\\/produto\\\/vasos-ecologico-quadrado\\\/#primaryimage\",\"url\":\"https:\\\/\\\/minasgramados.com.br\\\/Loja\\\/wp-content\\\/uploads\\\/2019\\\/02\\\/Conjunto-de-vasos-quadrados.jpeg\",\"contentUrl\":\"https:\\\/\\\/minasgramados.com.br\\\/Loja\\\/wp-content\\\/uploads\\\/2019\\\/02\\\/Conjunto-de-vasos-quadrados.jpeg\",\"width\":1280,\"height\":847},{\"@type\":\"BreadcrumbList\",\"@id\":\"https:\\\/\\\/minasgramados.com.br\\\/Loja\\\/produto\\\/vasos-ecologico-quadrado\\\/#breadcrumb\",\"itemListElement\":[{\"@type\":\"ListItem\",\"position\":1,\"name\":\"In\u00edcio\",\"item\":\"https:\\\/\\\/minasgramados.com.br\\\/Loja\\\/\"},{\"@type\":\"ListItem\",\"position\":2,\"name\":\"Loja\",\"item\":\"https:\\\/\\\/minasgramados.com.br\\\/Loja\\\/loja-modelo-03\\\/\"},{\"@type\":\"ListItem\",\"position\":3,\"name\":\"Vasos ecol\u00f3gico quadrado\"}]},{\"@type\":\"WebSite\",\"@id\":\"https:\\\/\\\/minasgramados.com.br\\\/Loja\\\/#website\",\"url\":\"https:\\\/\\\/minasgramados.com.br\\\/Loja\\\/\",\"name\":\"Minas Gramados - Paisagismo e Hidrossemeadura.\",\"description\":\"Distribuidora de Gramas adubos sementes em Betim e no Brasil.\",\"publisher\":{\"@id\":\"https:\\\/\\\/minasgramados.com.br\\\/Loja\\\/#organization\"},\"potentialAction\":[{\"@type\":\"SearchAction\",\"target\":{\"@type\":\"EntryPoint\",\"urlTemplate\":\"https:\\\/\\\/minasgramados.com.br\\\/Loja\\\/?s={search_term_string}\"},\"query-input\":{\"@type\":\"PropertyValueSpecification\",\"valueRequired\":true,\"valueName\":\"search_term_string\"}}],\"inLanguage\":\"pt-BR\"},{\"@type\":\"Organization\",\"@id\":\"https:\\\/\\\/minasgramados.com.br\\\/Loja\\\/#organization\",\"name\":\"Minas Gramados - Paisagismo e Hidrossemeadura.\",\"url\":\"https:\\\/\\\/minasgramados.com.br\\\/Loja\\\/\",\"logo\":{\"@type\":\"ImageObject\",\"inLanguage\":\"pt-BR\",\"@id\":\"https:\\\/\\\/minasgramados.com.br\\\/Loja\\\/#\\\/schema\\\/logo\\\/image\\\/\",\"url\":\"https:\\\/\\\/minasgramados.com.br\\\/Loja\\\/wp-content\\\/uploads\\\/2018\\\/06\\\/gramados-original-1.gif\",\"contentUrl\":\"https:\\\/\\\/minasgramados.com.br\\\/Loja\\\/wp-content\\\/uploads\\\/2018\\\/06\\\/gramados-original-1.gif\",\"width\":600,\"height\":300,\"caption\":\"Minas Gramados - Paisagismo e Hidrossemeadura.\"},\"image\":{\"@id\":\"https:\\\/\\\/minasgramados.com.br\\\/Loja\\\/#\\\/schema\\\/logo\\\/image\\\/\"}}]}<\/script>\n<!-- \/ Yoast SEO plugin. -->","yoast_head_json":{"title":"Vasos ecol\u00f3gico quadrado - Minas Gramados - Paisagismo e Hidrossemeadura.","robots":{"index":"index","follow":"follow","max-snippet":"max-snippet:-1","max-image-preview":"max-image-preview:large","max-video-preview":"max-video-preview:-1"},"canonical":"https:\/\/minasgramados.com.br\/Loja\/produto\/vasos-ecologico-quadrado\/","twitter_card":"summary_large_image","twitter_title":"Vasos ecol\u00f3gico quadrado - Minas Gramados - Paisagismo e Hidrossemeadura.","twitter_description":"A\u00a0 Minas Gramados disponibiliza abaixo a tabela com os pre\u00e7os dos vasos ecol\u00f3gicos de polietileno A PARTIR de R$12,50un.\u00a0D\u00favidas entrar em contato com o nosso SAC . (Obs): Os valor de tabela est\u00e3o sujeitos a altera\u00e7\u00f5es, consulte estoque, frete e condi\u00e7\u00f5es comerciais por telefone ou por e-mail. &nbsp;","twitter_image":"https:\/\/minasgramados.com.br\/Loja\/wp-content\/uploads\/2019\/02\/Conjunto-de-vasos-quadrados.jpeg","twitter_misc":{"Est. tempo de leitura":"1 minuto"},"schema":{"@context":"https:\/\/schema.org","@graph":[{"@type":"WebPage","@id":"https:\/\/minasgramados.com.br\/Loja\/produto\/vasos-ecologico-quadrado\/","url":"https:\/\/minasgramados.com.br\/Loja\/produto\/vasos-ecologico-quadrado\/","name":"Vasos ecol\u00f3gico quadrado - Minas Gramados - Paisagismo e Hidrossemeadura.","isPartOf":{"@id":"https:\/\/minasgramados.com.br\/Loja\/#website"},"primaryImageOfPage":{"@id":"https:\/\/minasgramados.com.br\/Loja\/produto\/vasos-ecologico-quadrado\/#primaryimage"},"image":{"@id":"https:\/\/minasgramados.com.br\/Loja\/produto\/vasos-ecologico-quadrado\/#primaryimage"},"thumbnailUrl":"https:\/\/minasgramados.com.br\/Loja\/wp-content\/uploads\/2019\/02\/Conjunto-de-vasos-quadrados.jpeg","datePublished":"2019-02-28T20:03:24+00:00","dateModified":"2019-03-01T17:10:53+00:00","breadcrumb":{"@id":"https:\/\/minasgramados.com.br\/Loja\/produto\/vasos-ecologico-quadrado\/#breadcrumb"},"inLanguage":"pt-BR","potentialAction":[{"@type":"ReadAction","target":["https:\/\/minasgramados.com.br\/Loja\/produto\/vasos-ecologico-quadrado\/"]}]},{"@type":"ImageObject","inLanguage":"pt-BR","@id":"https:\/\/minasgramados.com.br\/Loja\/produto\/vasos-ecologico-quadrado\/#primaryimage","url":"https:\/\/minasgramados.com.br\/Loja\/wp-content\/uploads\/2019\/02\/Conjunto-de-vasos-quadrados.jpeg","contentUrl":"https:\/\/minasgramados.com.br\/Loja\/wp-content\/uploads\/2019\/02\/Conjunto-de-vasos-quadrados.jpeg","width":1280,"height":847},{"@type":"BreadcrumbList","@id":"https:\/\/minasgramados.com.br\/Loja\/produto\/vasos-ecologico-quadrado\/#breadcrumb","itemListElement":[{"@type":"ListItem","position":1,"name":"In\u00edcio","item":"https:\/\/minasgramados.com.br\/Loja\/"},{"@type":"ListItem","position":2,"name":"Loja","item":"https:\/\/minasgramados.com.br\/Loja\/loja-modelo-03\/"},{"@type":"ListItem","position":3,"name":"Vasos ecol\u00f3gico quadrado"}]},{"@type":"WebSite","@id":"https:\/\/minasgramados.com.br\/Loja\/#website","url":"https:\/\/minasgramados.com.br\/Loja\/","name":"Minas Gramados - Paisagismo e Hidrossemeadura.","description":"Distribuidora de Gramas adubos sementes em Betim e no Brasil.","publisher":{"@id":"https:\/\/minasgramados.com.br\/Loja\/#organization"},"potentialAction":[{"@type":"SearchAction","target":{"@type":"EntryPoint","urlTemplate":"https:\/\/minasgramados.com.br\/Loja\/?s={search_term_string}"},"query-input":{"@type":"PropertyValueSpecification","valueRequired":true,"valueName":"search_term_string"}}],"inLanguage":"pt-BR"},{"@type":"Organization","@id":"https:\/\/minasgramados.com.br\/Loja\/#organization","name":"Minas Gramados - Paisagismo e Hidrossemeadura.","url":"https:\/\/minasgramados.com.br\/Loja\/","logo":{"@type":"ImageObject","inLanguage":"pt-BR","@id":"https:\/\/minasgramados.com.br\/Loja\/#\/schema\/logo\/image\/","url":"https:\/\/minasgramados.com.br\/Loja\/wp-content\/uploads\/2018\/06\/gramados-original-1.gif","contentUrl":"https:\/\/minasgramados.com.br\/Loja\/wp-content\/uploads\/2018\/06\/gramados-original-1.gif","width":600,"height":300,"caption":"Minas Gramados - Paisagismo e Hidrossemeadura."},"image":{"@id":"https:\/\/minasgramados.com.br\/Loja\/#\/schema\/logo\/image\/"}}]}},"_links":{"self":[{"href":"https:\/\/minasgramados.com.br\/Loja\/wp-json\/wp\/v2\/product\/2721","targetHints":{"allow":["GET"]}}],"collection":[{"href":"https:\/\/minasgramados.com.br\/Loja\/wp-json\/wp\/v2\/product"}],"about":[{"href":"https:\/\/minasgramados.com.br\/Loja\/wp-json\/wp\/v2\/types\/product"}],"wp:featuredmedia":[{"embeddable":true,"href":"https:\/\/minasgramados.com.br\/Loja\/wp-json\/wp\/v2\/media\/2725"}],"wp:attachment":[{"href":"https:\/\/minasgramados.com.br\/Loja\/wp-json\/wp\/v2\/media?parent=2721"}],"wp:term":[{"taxonomy":"product_brand","embeddable":true,"href":"https:\/\/minasgramados.com.br\/Loja\/wp-json\/wp\/v2\/product_brand?post=2721"},{"taxonomy":"product_cat","embeddable":true,"href":"https:\/\/minasgramados.com.br\/Loja\/wp-json\/wp\/v2\/product_cat?post=2721"},{"taxonomy":"product_tag","embeddable":true,"href":"https:\/\/minasgramados.com.br\/Loja\/wp-json\/wp\/v2\/product_tag?post=2721"}],"curies":[{"name":"wp","href":"https:\/\/api.w.org\/{rel}","templated":true}]}}