{"id":2740,"date":"2019-03-06T13:41:27","date_gmt":"2019-03-06T16:41:27","guid":{"rendered":"http:\/\/minasgramados.com.br\/Loja\/?post_type=product&#038;p=2740"},"modified":"2019-03-06T13:42:07","modified_gmt":"2019-03-06T16:42:07","slug":"cesta-multiuso","status":"publish","type":"product","link":"https:\/\/minasgramados.com.br\/Loja\/produto\/cesta-multiuso\/","title":{"rendered":"Cesta Multiuso"},"content":{"rendered":"<p>O Cesto multiuso de polietileno possuem uma textura moderna e exclusiva e s\u00e3o produzidos a base de PE e recebem aditivos que proporcionam alta durabilidade podendo ser usados em ambientes internos e externos, oferecendo v\u00e1rias op\u00e7\u00f5es de modelos e tamanhos. D\u00ea asas a sua imagina\u00e7\u00e3o e tenha a certeza de ter em seu ambiente um vaso de alt\u00edssima qualidade e requinte.<\/p>\n<table style=\"height: 401px\" width=\"513\">\n<tbody>\n<tr>\n<td width=\"81\">C\u00d3DIGO<\/td>\n<td width=\"217\">\n<p style=\"text-align: center\">DESCRI\u00c7\u00c3O<\/p>\n<\/td>\n<td width=\"142\">MEDIDAS<\/td>\n<td width=\"85\">Pre\u00e7o unit.<\/td>\n<\/tr>\n<tr>\n<td width=\"81\">\n<p style=\"text-align: left\">01<\/p>\n<\/td>\n<td width=\"217\">\n<p style=\"text-align: center\">CESTA MULTIUSO<\/p>\n<\/td>\n<td width=\"142\">9X22<\/td>\n<td width=\"85\">R$ 9,35<\/td>\n<\/tr>\n<tr>\n<td width=\"81\">02<\/td>\n<td width=\"217\">\n<p style=\"text-align: center\">CESTA MULTIUSO<\/p>\n<\/td>\n<td width=\"142\">10X25<\/td>\n<td width=\"85\">R$ 15,00<\/td>\n<\/tr>\n<tr>\n<td width=\"81\">03<\/td>\n<td width=\"217\">\n<p style=\"text-align: center\">CESTA MULTIUSO<\/p>\n<\/td>\n<td width=\"142\">15X33<\/td>\n<td width=\"85\">R$ 18,50<\/td>\n<\/tr>\n<tr>\n<td width=\"81\">04<\/td>\n<td width=\"217\">\n<p style=\"text-align: center\">CESTA MULTIUSO<\/p>\n<\/td>\n<td width=\"142\">15X37<\/td>\n<td width=\"85\">R$ 23,60<\/td>\n<\/tr>\n<tr>\n<td width=\"81\">05<\/td>\n<td width=\"217\">\n<p style=\"text-align: center\">CESTA MULTIUSO<\/p>\n<\/td>\n<td width=\"142\">18X41<\/td>\n<td width=\"85\">R$ 31,30<\/td>\n<\/tr>\n<\/tbody>\n<\/table>\n<p>Cores dispon\u00edveis: Marrom e Palha<\/p>\n","protected":false},"excerpt":{"rendered":"<p><strong>A\u00a0 Minas Gramados<\/strong> disponibiliza abaixo a tabela com os pre\u00e7os das cestas multiuso de polietileno A PARTIR de R$9,35un.\u00a0<span style=\"text-align: justify\">D\u00favidas entrar em contato com o nosso SAC .<\/span><\/p>\n<p style=\"text-align: justify\"><span style=\"color: #ff0000\">(Obs): Os valor de tabela est\u00e3o sujeitos a altera\u00e7\u00f5es, consulte estoque, frete e condi\u00e7\u00f5es comerciais por telefone ou por e-mail.<\/span><\/p>\n","protected":false},"featured_media":2745,"template":"","meta":{"_joinchat":[]},"product_brand":[],"product_cat":[16,35],"product_tag":[],"class_list":{"0":"post-2740","1":"product","2":"type-product","3":"status-publish","4":"has-post-thumbnail","6":"product_cat-floricultura","7":"product_cat-vasos-e-cachepots","8":"entry","9":"has-media","11":"first","12":"outofstock","13":"shipping-taxable","14":"purchasable","15":"product-type-simple","16":"col","17":"wpex-woo-entry","18":"span_1_of_4"},"yoast_head":"<!-- This site is optimized with the Yoast SEO plugin v27.3 - https:\/\/yoast.com\/product\/yoast-seo-wordpress\/ -->\n<title>Cesta Multiuso - Minas Gramados - Paisagismo e Hidrossemeadura.<\/title>\n<meta name=\"robots\" content=\"index, follow, max-snippet:-1, max-image-preview:large, max-video-preview:-1\" \/>\n<link rel=\"canonical\" href=\"https:\/\/minasgramados.com.br\/Loja\/produto\/cesta-multiuso\/\" \/>\n<meta name=\"twitter:card\" content=\"summary_large_image\" \/>\n<meta name=\"twitter:title\" content=\"Cesta Multiuso - Minas Gramados - Paisagismo e Hidrossemeadura.\" \/>\n<meta name=\"twitter:description\" content=\"A\u00a0 Minas Gramados disponibiliza abaixo a tabela com os pre\u00e7os das cestas multiuso de polietileno A PARTIR de R$9,35un.\u00a0D\u00favidas entrar em contato com o nosso SAC . (Obs): Os valor de tabela est\u00e3o sujeitos a altera\u00e7\u00f5es, consulte estoque, frete e condi\u00e7\u00f5es comerciais por telefone ou por e-mail.\" \/>\n<meta name=\"twitter:image\" content=\"https:\/\/minasgramados.com.br\/Loja\/wp-content\/uploads\/2019\/03\/Cesta-multiuso.jpeg\" \/>\n<meta name=\"twitter:label1\" content=\"Est. tempo de leitura\" \/>\n\t<meta name=\"twitter:data1\" content=\"1 minuto\" \/>\n<script type=\"application\/ld+json\" class=\"yoast-schema-graph\">{\"@context\":\"https:\\\/\\\/schema.org\",\"@graph\":[{\"@type\":\"WebPage\",\"@id\":\"https:\\\/\\\/minasgramados.com.br\\\/Loja\\\/produto\\\/cesta-multiuso\\\/\",\"url\":\"https:\\\/\\\/minasgramados.com.br\\\/Loja\\\/produto\\\/cesta-multiuso\\\/\",\"name\":\"Cesta Multiuso - Minas Gramados - Paisagismo e Hidrossemeadura.\",\"isPartOf\":{\"@id\":\"https:\\\/\\\/minasgramados.com.br\\\/Loja\\\/#website\"},\"primaryImageOfPage\":{\"@id\":\"https:\\\/\\\/minasgramados.com.br\\\/Loja\\\/produto\\\/cesta-multiuso\\\/#primaryimage\"},\"image\":{\"@id\":\"https:\\\/\\\/minasgramados.com.br\\\/Loja\\\/produto\\\/cesta-multiuso\\\/#primaryimage\"},\"thumbnailUrl\":\"https:\\\/\\\/minasgramados.com.br\\\/Loja\\\/wp-content\\\/uploads\\\/2019\\\/03\\\/Cesta-multiuso.jpeg\",\"datePublished\":\"2019-03-06T16:41:27+00:00\",\"dateModified\":\"2019-03-06T16:42:07+00:00\",\"breadcrumb\":{\"@id\":\"https:\\\/\\\/minasgramados.com.br\\\/Loja\\\/produto\\\/cesta-multiuso\\\/#breadcrumb\"},\"inLanguage\":\"pt-BR\",\"potentialAction\":[{\"@type\":\"ReadAction\",\"target\":[\"https:\\\/\\\/minasgramados.com.br\\\/Loja\\\/produto\\\/cesta-multiuso\\\/\"]}]},{\"@type\":\"ImageObject\",\"inLanguage\":\"pt-BR\",\"@id\":\"https:\\\/\\\/minasgramados.com.br\\\/Loja\\\/produto\\\/cesta-multiuso\\\/#primaryimage\",\"url\":\"https:\\\/\\\/minasgramados.com.br\\\/Loja\\\/wp-content\\\/uploads\\\/2019\\\/03\\\/Cesta-multiuso.jpeg\",\"contentUrl\":\"https:\\\/\\\/minasgramados.com.br\\\/Loja\\\/wp-content\\\/uploads\\\/2019\\\/03\\\/Cesta-multiuso.jpeg\",\"width\":902,\"height\":773},{\"@type\":\"BreadcrumbList\",\"@id\":\"https:\\\/\\\/minasgramados.com.br\\\/Loja\\\/produto\\\/cesta-multiuso\\\/#breadcrumb\",\"itemListElement\":[{\"@type\":\"ListItem\",\"position\":1,\"name\":\"In\u00edcio\",\"item\":\"https:\\\/\\\/minasgramados.com.br\\\/Loja\\\/\"},{\"@type\":\"ListItem\",\"position\":2,\"name\":\"Loja\",\"item\":\"https:\\\/\\\/minasgramados.com.br\\\/Loja\\\/loja-modelo-03\\\/\"},{\"@type\":\"ListItem\",\"position\":3,\"name\":\"Cesta Multiuso\"}]},{\"@type\":\"WebSite\",\"@id\":\"https:\\\/\\\/minasgramados.com.br\\\/Loja\\\/#website\",\"url\":\"https:\\\/\\\/minasgramados.com.br\\\/Loja\\\/\",\"name\":\"Minas Gramados - Paisagismo e Hidrossemeadura.\",\"description\":\"Distribuidora de Gramas adubos sementes em Betim e no Brasil.\",\"publisher\":{\"@id\":\"https:\\\/\\\/minasgramados.com.br\\\/Loja\\\/#organization\"},\"potentialAction\":[{\"@type\":\"SearchAction\",\"target\":{\"@type\":\"EntryPoint\",\"urlTemplate\":\"https:\\\/\\\/minasgramados.com.br\\\/Loja\\\/?s={search_term_string}\"},\"query-input\":{\"@type\":\"PropertyValueSpecification\",\"valueRequired\":true,\"valueName\":\"search_term_string\"}}],\"inLanguage\":\"pt-BR\"},{\"@type\":\"Organization\",\"@id\":\"https:\\\/\\\/minasgramados.com.br\\\/Loja\\\/#organization\",\"name\":\"Minas Gramados - Paisagismo e Hidrossemeadura.\",\"url\":\"https:\\\/\\\/minasgramados.com.br\\\/Loja\\\/\",\"logo\":{\"@type\":\"ImageObject\",\"inLanguage\":\"pt-BR\",\"@id\":\"https:\\\/\\\/minasgramados.com.br\\\/Loja\\\/#\\\/schema\\\/logo\\\/image\\\/\",\"url\":\"https:\\\/\\\/minasgramados.com.br\\\/Loja\\\/wp-content\\\/uploads\\\/2018\\\/06\\\/gramados-original-1.gif\",\"contentUrl\":\"https:\\\/\\\/minasgramados.com.br\\\/Loja\\\/wp-content\\\/uploads\\\/2018\\\/06\\\/gramados-original-1.gif\",\"width\":600,\"height\":300,\"caption\":\"Minas Gramados - Paisagismo e Hidrossemeadura.\"},\"image\":{\"@id\":\"https:\\\/\\\/minasgramados.com.br\\\/Loja\\\/#\\\/schema\\\/logo\\\/image\\\/\"}}]}<\/script>\n<!-- \/ Yoast SEO plugin. -->","yoast_head_json":{"title":"Cesta Multiuso - Minas Gramados - Paisagismo e Hidrossemeadura.","robots":{"index":"index","follow":"follow","max-snippet":"max-snippet:-1","max-image-preview":"max-image-preview:large","max-video-preview":"max-video-preview:-1"},"canonical":"https:\/\/minasgramados.com.br\/Loja\/produto\/cesta-multiuso\/","twitter_card":"summary_large_image","twitter_title":"Cesta Multiuso - Minas Gramados - Paisagismo e Hidrossemeadura.","twitter_description":"A\u00a0 Minas Gramados disponibiliza abaixo a tabela com os pre\u00e7os das cestas multiuso de polietileno A PARTIR de R$9,35un.\u00a0D\u00favidas entrar em contato com o nosso SAC . (Obs): Os valor de tabela est\u00e3o sujeitos a altera\u00e7\u00f5es, consulte estoque, frete e condi\u00e7\u00f5es comerciais por telefone ou por e-mail.","twitter_image":"https:\/\/minasgramados.com.br\/Loja\/wp-content\/uploads\/2019\/03\/Cesta-multiuso.jpeg","twitter_misc":{"Est. tempo de leitura":"1 minuto"},"schema":{"@context":"https:\/\/schema.org","@graph":[{"@type":"WebPage","@id":"https:\/\/minasgramados.com.br\/Loja\/produto\/cesta-multiuso\/","url":"https:\/\/minasgramados.com.br\/Loja\/produto\/cesta-multiuso\/","name":"Cesta Multiuso - Minas Gramados - Paisagismo e Hidrossemeadura.","isPartOf":{"@id":"https:\/\/minasgramados.com.br\/Loja\/#website"},"primaryImageOfPage":{"@id":"https:\/\/minasgramados.com.br\/Loja\/produto\/cesta-multiuso\/#primaryimage"},"image":{"@id":"https:\/\/minasgramados.com.br\/Loja\/produto\/cesta-multiuso\/#primaryimage"},"thumbnailUrl":"https:\/\/minasgramados.com.br\/Loja\/wp-content\/uploads\/2019\/03\/Cesta-multiuso.jpeg","datePublished":"2019-03-06T16:41:27+00:00","dateModified":"2019-03-06T16:42:07+00:00","breadcrumb":{"@id":"https:\/\/minasgramados.com.br\/Loja\/produto\/cesta-multiuso\/#breadcrumb"},"inLanguage":"pt-BR","potentialAction":[{"@type":"ReadAction","target":["https:\/\/minasgramados.com.br\/Loja\/produto\/cesta-multiuso\/"]}]},{"@type":"ImageObject","inLanguage":"pt-BR","@id":"https:\/\/minasgramados.com.br\/Loja\/produto\/cesta-multiuso\/#primaryimage","url":"https:\/\/minasgramados.com.br\/Loja\/wp-content\/uploads\/2019\/03\/Cesta-multiuso.jpeg","contentUrl":"https:\/\/minasgramados.com.br\/Loja\/wp-content\/uploads\/2019\/03\/Cesta-multiuso.jpeg","width":902,"height":773},{"@type":"BreadcrumbList","@id":"https:\/\/minasgramados.com.br\/Loja\/produto\/cesta-multiuso\/#breadcrumb","itemListElement":[{"@type":"ListItem","position":1,"name":"In\u00edcio","item":"https:\/\/minasgramados.com.br\/Loja\/"},{"@type":"ListItem","position":2,"name":"Loja","item":"https:\/\/minasgramados.com.br\/Loja\/loja-modelo-03\/"},{"@type":"ListItem","position":3,"name":"Cesta Multiuso"}]},{"@type":"WebSite","@id":"https:\/\/minasgramados.com.br\/Loja\/#website","url":"https:\/\/minasgramados.com.br\/Loja\/","name":"Minas Gramados - Paisagismo e Hidrossemeadura.","description":"Distribuidora de Gramas adubos sementes em Betim e no Brasil.","publisher":{"@id":"https:\/\/minasgramados.com.br\/Loja\/#organization"},"potentialAction":[{"@type":"SearchAction","target":{"@type":"EntryPoint","urlTemplate":"https:\/\/minasgramados.com.br\/Loja\/?s={search_term_string}"},"query-input":{"@type":"PropertyValueSpecification","valueRequired":true,"valueName":"search_term_string"}}],"inLanguage":"pt-BR"},{"@type":"Organization","@id":"https:\/\/minasgramados.com.br\/Loja\/#organization","name":"Minas Gramados - Paisagismo e Hidrossemeadura.","url":"https:\/\/minasgramados.com.br\/Loja\/","logo":{"@type":"ImageObject","inLanguage":"pt-BR","@id":"https:\/\/minasgramados.com.br\/Loja\/#\/schema\/logo\/image\/","url":"https:\/\/minasgramados.com.br\/Loja\/wp-content\/uploads\/2018\/06\/gramados-original-1.gif","contentUrl":"https:\/\/minasgramados.com.br\/Loja\/wp-content\/uploads\/2018\/06\/gramados-original-1.gif","width":600,"height":300,"caption":"Minas Gramados - Paisagismo e Hidrossemeadura."},"image":{"@id":"https:\/\/minasgramados.com.br\/Loja\/#\/schema\/logo\/image\/"}}]}},"_links":{"self":[{"href":"https:\/\/minasgramados.com.br\/Loja\/wp-json\/wp\/v2\/product\/2740","targetHints":{"allow":["GET"]}}],"collection":[{"href":"https:\/\/minasgramados.com.br\/Loja\/wp-json\/wp\/v2\/product"}],"about":[{"href":"https:\/\/minasgramados.com.br\/Loja\/wp-json\/wp\/v2\/types\/product"}],"wp:featuredmedia":[{"embeddable":true,"href":"https:\/\/minasgramados.com.br\/Loja\/wp-json\/wp\/v2\/media\/2745"}],"wp:attachment":[{"href":"https:\/\/minasgramados.com.br\/Loja\/wp-json\/wp\/v2\/media?parent=2740"}],"wp:term":[{"taxonomy":"product_brand","embeddable":true,"href":"https:\/\/minasgramados.com.br\/Loja\/wp-json\/wp\/v2\/product_brand?post=2740"},{"taxonomy":"product_cat","embeddable":true,"href":"https:\/\/minasgramados.com.br\/Loja\/wp-json\/wp\/v2\/product_cat?post=2740"},{"taxonomy":"product_tag","embeddable":true,"href":"https:\/\/minasgramados.com.br\/Loja\/wp-json\/wp\/v2\/product_tag?post=2740"}],"curies":[{"name":"wp","href":"https:\/\/api.w.org\/{rel}","templated":true}]}}